{"id":19790,"date":"2023-11-13T12:13:13","date_gmt":"2023-11-13T11:13:13","guid":{"rendered":"https:\/\/baralivres.ma\/?post_type=product&#038;p=19790"},"modified":"2023-11-13T12:13:14","modified_gmt":"2023-11-13T11:13:14","slug":"les-vertus-de-lechec","status":"publish","type":"product","link":"https:\/\/baralivres.ma\/?product=les-vertus-de-lechec","title":{"rendered":"Les vertus de l&rsquo;\u00e9chec"},"content":{"rendered":"<p>Charles P\u00e9pin invite \u00e0 changer de perspective sur les \u00e9checs en explorant les parcours de personnalit\u00e9s comme de Gaulle, Nadal, Jobs, et Barbara \u00e0 la lumi\u00e8re de philosophes. En s&rsquo;appuyant sur Marc Aur\u00e8le, saint Paul, Nietzsche, et Freud, l&rsquo;essai encourage \u00e0 r\u00e9ussir ses \u00e9checs en en tirant des le\u00e7ons pour devenir plus lucide, combatif, et vivant. C&rsquo;est un trait\u00e9 de sagesse, selon l&rsquo;auteur, qui guide vers une authentique r\u00e9ussite, d\u00e9montrant que chaque \u00e9preuve peut nous enrichir.<\/p>\n<p>\u00ab\u00a0Un livre qui va redonner un coup d&rsquo;optimisme \u00e0 tout le monde.\u00a0\u00bb &#8211; Laurent Ruquier, RTL<br \/>\n\u00ab\u00a0L&rsquo;un des essais les plus revigorants du moment.\u00a0\u00bb &#8211; Le Point<br \/>\n\u00ab\u00a0L&rsquo;\u00e9chec, c&rsquo;est notre chance !\u00a0\u00bb &#8211; ELLE<br \/>\n\u00ab\u00a0Il faut lire et relire ce livre dans lequel Charles P\u00e9pin d\u00e9crit la sagesse de ceux qui se sont plant\u00e9s.\u00a0\u00bb &#8211; France Inter.<\/p>\n<p>&nbsp;<\/p>\n","protected":false},"excerpt":{"rendered":"<p>Charles P\u00e9pin explore les \u00e9checs de figures telles que de Gaulle, Nadal, Jobs, avec sagesse philosophique<\/p>\n","protected":false},"featured_media":19791,"comment_status":"open","ping_status":"closed","template":"","meta":{"inline_featured_image":false},"product_cat":[204,91],"product_tag":[],"class_list":{"0":"post-19790","1":"product","2":"type-product","3":"status-publish","4":"has-post-thumbnail","6":"product_cat-francais","7":"product_cat-developpement","8":"pa_auteurs-charles-pepin","10":"first","11":"instock","12":"shipping-taxable","13":"purchasable","14":"product-type-simple"},"_links":{"self":[{"href":"https:\/\/baralivres.ma\/index.php?rest_route=\/wp\/v2\/product\/19790","targetHints":{"allow":["GET"]}}],"collection":[{"href":"https:\/\/baralivres.ma\/index.php?rest_route=\/wp\/v2\/product"}],"about":[{"href":"https:\/\/baralivres.ma\/index.php?rest_route=\/wp\/v2\/types\/product"}],"replies":[{"embeddable":true,"href":"https:\/\/baralivres.ma\/index.php?rest_route=%2Fwp%2Fv2%2Fcomments&post=19790"}],"version-history":[{"count":1,"href":"https:\/\/baralivres.ma\/index.php?rest_route=\/wp\/v2\/product\/19790\/revisions"}],"predecessor-version":[{"id":19792,"href":"https:\/\/baralivres.ma\/index.php?rest_route=\/wp\/v2\/product\/19790\/revisions\/19792"}],"wp:featuredmedia":[{"embeddable":true,"href":"https:\/\/baralivres.ma\/index.php?rest_route=\/wp\/v2\/media\/19791"}],"wp:attachment":[{"href":"https:\/\/baralivres.ma\/index.php?rest_route=%2Fwp%2Fv2%2Fmedia&parent=19790"}],"wp:term":[{"taxonomy":"product_cat","embeddable":true,"href":"https:\/\/baralivres.ma\/index.php?rest_route=%2Fwp%2Fv2%2Fproduct_cat&post=19790"},{"taxonomy":"product_tag","embeddable":true,"href":"https:\/\/baralivres.ma\/index.php?rest_route=%2Fwp%2Fv2%2Fproduct_tag&post=19790"}],"curies":[{"name":"wp","href":"https:\/\/api.w.org\/{rel}","templated":true}]}}