{"id":19767,"date":"2023-11-13T11:58:13","date_gmt":"2023-11-13T10:58:13","guid":{"rendered":"https:\/\/baralivres.ma\/?post_type=product&#038;p=19767"},"modified":"2023-11-13T11:58:13","modified_gmt":"2023-11-13T10:58:13","slug":"apprendre-a-etre-heureux","status":"publish","type":"product","link":"https:\/\/baralivres.ma\/?product=apprendre-a-etre-heureux","title":{"rendered":"Apprendre \u00e0 \u00eatre heureux"},"content":{"rendered":"<p>Tal Ben-Shahar, \u00e9minent professeur de psychologie positive \u00e0 Harvard, d\u00e9voile les fondements de son enseignement pour acc\u00e9der au bonheur et \u00e0 une vie plus harmonieuse. Sa m\u00e9thode novatrice a transform\u00e9 la vie de millions de personnes gr\u00e2ce \u00e0 une approche nouvelle de la psychologie, combinant des exercices ludiques, surprenants et bienfaisants. \u00ab\u00a0L&rsquo;Apprentissage du bonheur\u00a0\u00bb offre un guide pratique de la psychologie positive accessible \u00e0 tous, bas\u00e9 sur les principes enseign\u00e9s par Ben-Shahar dans son cours tr\u00e8s suivi \u00e0 Harvard. L&rsquo;ouvrage a \u00e9t\u00e9 r\u00e9compens\u00e9 par le prix Sant\u00e9 et Bien-\u00eatre Philips.<\/p>\n","protected":false},"excerpt":{"rendered":"<p>Tal Ben-Shahar partage les bases de son enseignement pour le bonheur \u00e0 travers la psychologie positive.<\/p>\n","protected":false},"featured_media":19773,"comment_status":"open","ping_status":"closed","template":"","meta":{"inline_featured_image":false},"product_cat":[204,91],"product_tag":[],"class_list":{"0":"post-19767","1":"product","2":"type-product","3":"status-publish","4":"has-post-thumbnail","6":"product_cat-francais","7":"product_cat-developpement","8":"pa_auteurs-tal-ben-shahar","10":"first","11":"instock","12":"shipping-taxable","13":"purchasable","14":"product-type-simple"},"_links":{"self":[{"href":"https:\/\/baralivres.ma\/index.php?rest_route=\/wp\/v2\/product\/19767","targetHints":{"allow":["GET"]}}],"collection":[{"href":"https:\/\/baralivres.ma\/index.php?rest_route=\/wp\/v2\/product"}],"about":[{"href":"https:\/\/baralivres.ma\/index.php?rest_route=\/wp\/v2\/types\/product"}],"replies":[{"embeddable":true,"href":"https:\/\/baralivres.ma\/index.php?rest_route=%2Fwp%2Fv2%2Fcomments&post=19767"}],"version-history":[{"count":1,"href":"https:\/\/baralivres.ma\/index.php?rest_route=\/wp\/v2\/product\/19767\/revisions"}],"predecessor-version":[{"id":19774,"href":"https:\/\/baralivres.ma\/index.php?rest_route=\/wp\/v2\/product\/19767\/revisions\/19774"}],"wp:featuredmedia":[{"embeddable":true,"href":"https:\/\/baralivres.ma\/index.php?rest_route=\/wp\/v2\/media\/19773"}],"wp:attachment":[{"href":"https:\/\/baralivres.ma\/index.php?rest_route=%2Fwp%2Fv2%2Fmedia&parent=19767"}],"wp:term":[{"taxonomy":"product_cat","embeddable":true,"href":"https:\/\/baralivres.ma\/index.php?rest_route=%2Fwp%2Fv2%2Fproduct_cat&post=19767"},{"taxonomy":"product_tag","embeddable":true,"href":"https:\/\/baralivres.ma\/index.php?rest_route=%2Fwp%2Fv2%2Fproduct_tag&post=19767"}],"curies":[{"name":"wp","href":"https:\/\/api.w.org\/{rel}","templated":true}]}}