{"id":19723,"date":"2023-11-13T11:33:33","date_gmt":"2023-11-13T10:33:33","guid":{"rendered":"https:\/\/baralivres.ma\/?post_type=product&#038;p=19723"},"modified":"2023-11-13T11:37:03","modified_gmt":"2023-11-13T10:37:03","slug":"la-magie-du-rangement","status":"publish","type":"product","link":"https:\/\/baralivres.ma\/?product=la-magie-du-rangement","title":{"rendered":"La Magie du rangement"},"content":{"rendered":"<p>Marie Kondo propose une m\u00e9thode r\u00e9volutionnaire pour am\u00e9liorer le quotidien en mettant de l&rsquo;ordre dans son int\u00e9rieur. Ce best-seller mondial, \u00ab\u00a0La Magie du rangement\u00a0\u00bb, remet en question les id\u00e9es pr\u00e9con\u00e7ues sur le rangement et promet une transformation compl\u00e8te de l&rsquo;environnement. L&rsquo;auteure, consultante en rangement \u00e0 Tokyo, conna\u00eet un succ\u00e8s international. Le livre, vendu \u00e0 plus de 2,5 millions d&rsquo;exemplaires dans le monde, a inspir\u00e9 des changements de carri\u00e8re, des pertes de poids et une meilleure estime de soi chez de nombreux lecteurs. Pr\u00e9parez-vous \u00e0 un \u00ab\u00a0avant\u00a0\u00bb et un \u00ab\u00a0apr\u00e8s\u00a0\u00bb La Magie du rangement.<\/p>\n","protected":false},"excerpt":{"rendered":"<p>Marie Kondo r\u00e9volutionne le rangement, inspire des transformations, avec sa m\u00e9thode mondiale \u00ab\u00a0La Magie du rangement\u00a0\u00bb.<\/p>\n","protected":false},"featured_media":19733,"comment_status":"open","ping_status":"closed","template":"","meta":{"inline_featured_image":false},"product_cat":[204,91],"product_tag":[],"class_list":{"0":"post-19723","1":"product","2":"type-product","3":"status-publish","4":"has-post-thumbnail","6":"product_cat-francais","7":"product_cat-developpement","8":"pa_auteurs-marie-kondo","10":"first","11":"instock","12":"shipping-taxable","13":"purchasable","14":"product-type-simple"},"_links":{"self":[{"href":"https:\/\/baralivres.ma\/index.php?rest_route=\/wp\/v2\/product\/19723","targetHints":{"allow":["GET"]}}],"collection":[{"href":"https:\/\/baralivres.ma\/index.php?rest_route=\/wp\/v2\/product"}],"about":[{"href":"https:\/\/baralivres.ma\/index.php?rest_route=\/wp\/v2\/types\/product"}],"replies":[{"embeddable":true,"href":"https:\/\/baralivres.ma\/index.php?rest_route=%2Fwp%2Fv2%2Fcomments&post=19723"}],"version-history":[{"count":1,"href":"https:\/\/baralivres.ma\/index.php?rest_route=\/wp\/v2\/product\/19723\/revisions"}],"predecessor-version":[{"id":19734,"href":"https:\/\/baralivres.ma\/index.php?rest_route=\/wp\/v2\/product\/19723\/revisions\/19734"}],"wp:featuredmedia":[{"embeddable":true,"href":"https:\/\/baralivres.ma\/index.php?rest_route=\/wp\/v2\/media\/19733"}],"wp:attachment":[{"href":"https:\/\/baralivres.ma\/index.php?rest_route=%2Fwp%2Fv2%2Fmedia&parent=19723"}],"wp:term":[{"taxonomy":"product_cat","embeddable":true,"href":"https:\/\/baralivres.ma\/index.php?rest_route=%2Fwp%2Fv2%2Fproduct_cat&post=19723"},{"taxonomy":"product_tag","embeddable":true,"href":"https:\/\/baralivres.ma\/index.php?rest_route=%2Fwp%2Fv2%2Fproduct_tag&post=19723"}],"curies":[{"name":"wp","href":"https:\/\/api.w.org\/{rel}","templated":true}]}}