{"id":19718,"date":"2023-11-13T11:29:51","date_gmt":"2023-11-13T10:29:51","guid":{"rendered":"https:\/\/baralivres.ma\/?post_type=product&#038;p=19718"},"modified":"2024-11-18T14:19:01","modified_gmt":"2024-11-18T13:19:01","slug":"le-lion","status":"publish","type":"product","link":"https:\/\/baralivres.ma\/?product=le-lion","title":{"rendered":"Le lion"},"content":{"rendered":"<p>Patricia r\u00e9alise son r\u00eave en ayant un lion comme meilleur ami. Chaque jour, elle retrouve King, un lion m\u00e2le qu&rsquo;elle a sauv\u00e9 et r\u00e9introduit dans la vie sauvage, dans la r\u00e9serve dirig\u00e9e par son p\u00e8re. Cependant, la vie de King est menac\u00e9e par Oriounga, un jeune Masa\u00ef d\u00e9termin\u00e9 \u00e0 le tuer pour gagner sa place parmi les guerriers de sa tribu. Ce roman poignant explore l&rsquo;aventure et l&rsquo;amiti\u00e9 au c\u0153ur des paysages spectaculaires du Kilimandjaro.<\/p>\n","protected":false},"excerpt":{"rendered":"<p>Patricia, avec King le lion, affronte le danger quand un Masa\u00ef menace leur amiti\u00e9 exceptionnelle.<\/p>\n","protected":false},"featured_media":19724,"comment_status":"open","ping_status":"closed","template":"","meta":{"inline_featured_image":false},"product_cat":[203,204],"product_tag":[],"class_list":{"0":"post-19718","1":"product","2":"type-product","3":"status-publish","4":"has-post-thumbnail","6":"product_cat-adolescente","7":"product_cat-francais","8":"pa_auteurs-joseph-kessel","10":"first","11":"instock","12":"shipping-taxable","13":"purchasable","14":"product-type-simple"},"_links":{"self":[{"href":"https:\/\/baralivres.ma\/index.php?rest_route=\/wp\/v2\/product\/19718","targetHints":{"allow":["GET"]}}],"collection":[{"href":"https:\/\/baralivres.ma\/index.php?rest_route=\/wp\/v2\/product"}],"about":[{"href":"https:\/\/baralivres.ma\/index.php?rest_route=\/wp\/v2\/types\/product"}],"replies":[{"embeddable":true,"href":"https:\/\/baralivres.ma\/index.php?rest_route=%2Fwp%2Fv2%2Fcomments&post=19718"}],"version-history":[{"count":1,"href":"https:\/\/baralivres.ma\/index.php?rest_route=\/wp\/v2\/product\/19718\/revisions"}],"predecessor-version":[{"id":19725,"href":"https:\/\/baralivres.ma\/index.php?rest_route=\/wp\/v2\/product\/19718\/revisions\/19725"}],"wp:featuredmedia":[{"embeddable":true,"href":"https:\/\/baralivres.ma\/index.php?rest_route=\/wp\/v2\/media\/19724"}],"wp:attachment":[{"href":"https:\/\/baralivres.ma\/index.php?rest_route=%2Fwp%2Fv2%2Fmedia&parent=19718"}],"wp:term":[{"taxonomy":"product_cat","embeddable":true,"href":"https:\/\/baralivres.ma\/index.php?rest_route=%2Fwp%2Fv2%2Fproduct_cat&post=19718"},{"taxonomy":"product_tag","embeddable":true,"href":"https:\/\/baralivres.ma\/index.php?rest_route=%2Fwp%2Fv2%2Fproduct_tag&post=19718"}],"curies":[{"name":"wp","href":"https:\/\/api.w.org\/{rel}","templated":true}]}}