{"id":19705,"date":"2023-11-13T11:23:46","date_gmt":"2023-11-13T10:23:46","guid":{"rendered":"https:\/\/baralivres.ma\/?post_type=product&#038;p=19705"},"modified":"2023-11-13T11:23:47","modified_gmt":"2023-11-13T10:23:47","slug":"etre-heureux-ce-nest-pas-necessairement-confortable","status":"publish","type":"product","link":"https:\/\/baralivres.ma\/?product=etre-heureux-ce-nest-pas-necessairement-confortable","title":{"rendered":"Etre heureux, ce n&rsquo;est pas n\u00e9cessairement confortable"},"content":{"rendered":"<p>Loin du discours standard sur le bonheur, cet ouvrage de Thomas d&rsquo;Ansembourg explore pourquoi \u00eatre heureux n&rsquo;est pas n\u00e9cessaire \u00e0 l&rsquo;\u00e9panouissement. Il offre une m\u00e9thode pratique pour \u00e9viter les pi\u00e8ges antibonheur, en aidant \u00e0 prendre conscience des d\u00e9fis de la vie, \u00e0 analyser leurs m\u00e9canismes et \u00e0 les surmonter. D&rsquo;Ansembourg, sp\u00e9cialiste des relations humaines et de la communication non violente, propose une approche alternative pour mieux comprendre et vivre une vie \u00e9panouissante.<\/p>\n","protected":false},"excerpt":{"rendered":"<p>Thomas d&rsquo;Ansembourg explore le non-n\u00e9cessit\u00e9 du bonheur, offrant une m\u00e9thode pour \u00e9viter les pi\u00e8ges antibonheur.<\/p>\n","protected":false},"featured_media":19709,"comment_status":"open","ping_status":"closed","template":"","meta":{"inline_featured_image":false},"product_cat":[204,91],"product_tag":[],"class_list":{"0":"post-19705","1":"product","2":"type-product","3":"status-publish","4":"has-post-thumbnail","6":"product_cat-francais","7":"product_cat-developpement","8":"pa_auteurs-thomas-dansembourg","10":"first","11":"instock","12":"shipping-taxable","13":"purchasable","14":"product-type-simple"},"_links":{"self":[{"href":"https:\/\/baralivres.ma\/index.php?rest_route=\/wp\/v2\/product\/19705","targetHints":{"allow":["GET"]}}],"collection":[{"href":"https:\/\/baralivres.ma\/index.php?rest_route=\/wp\/v2\/product"}],"about":[{"href":"https:\/\/baralivres.ma\/index.php?rest_route=\/wp\/v2\/types\/product"}],"replies":[{"embeddable":true,"href":"https:\/\/baralivres.ma\/index.php?rest_route=%2Fwp%2Fv2%2Fcomments&post=19705"}],"version-history":[{"count":1,"href":"https:\/\/baralivres.ma\/index.php?rest_route=\/wp\/v2\/product\/19705\/revisions"}],"predecessor-version":[{"id":19711,"href":"https:\/\/baralivres.ma\/index.php?rest_route=\/wp\/v2\/product\/19705\/revisions\/19711"}],"wp:featuredmedia":[{"embeddable":true,"href":"https:\/\/baralivres.ma\/index.php?rest_route=\/wp\/v2\/media\/19709"}],"wp:attachment":[{"href":"https:\/\/baralivres.ma\/index.php?rest_route=%2Fwp%2Fv2%2Fmedia&parent=19705"}],"wp:term":[{"taxonomy":"product_cat","embeddable":true,"href":"https:\/\/baralivres.ma\/index.php?rest_route=%2Fwp%2Fv2%2Fproduct_cat&post=19705"},{"taxonomy":"product_tag","embeddable":true,"href":"https:\/\/baralivres.ma\/index.php?rest_route=%2Fwp%2Fv2%2Fproduct_tag&post=19705"}],"curies":[{"name":"wp","href":"https:\/\/api.w.org\/{rel}","templated":true}]}}