{"id":19607,"date":"2023-11-13T10:51:36","date_gmt":"2023-11-13T09:51:36","guid":{"rendered":"https:\/\/baralivres.ma\/?post_type=product&#038;p=19607"},"modified":"2024-11-27T15:15:20","modified_gmt":"2024-11-27T14:15:20","slug":"billy-et-les-minuscules","status":"publish","type":"product","link":"https:\/\/baralivres.ma\/?product=billy-et-les-minuscules","title":{"rendered":"Billy et les Minuscules"},"content":{"rendered":"<p>La m\u00e8re de Billy lui avait express\u00e9ment recommand\u00e9 de ne jamais franchir la barri\u00e8re du jardin pour s&rsquo;aventurer dans le vaste bois sombre et myst\u00e9rieux. Cependant, un jour, c&rsquo;est pr\u00e9cis\u00e9ment ce qu&rsquo;il a d\u00e9cid\u00e9 de faire. D\u00e9couvrez ce conte magique, la toute derni\u00e8re \u0153uvre de Roald Dahl, magnifiquement illustr\u00e9e pour la premi\u00e8re fois par Quentin Blake !<\/p>\n","protected":false},"excerpt":{"rendered":"<p>Billy d\u00e9sob\u00e9it, p\u00e9n\u00e8tre le bois interdit, d\u00e9voilant un conte magique illustr\u00e9, dernier chef-d&rsquo;\u0153uvre de Roald Dahl.<\/p>\n","protected":false},"featured_media":19617,"comment_status":"open","ping_status":"closed","template":"","meta":{"inline_featured_image":false},"product_cat":[4021,4022,203,204],"product_tag":[],"class_list":{"0":"post-19607","1":"product","2":"type-product","3":"status-publish","4":"has-post-thumbnail","6":"product_cat-collection_roald_dahl","7":"product_cat-francais-collection_roald_dahl","8":"product_cat-adolescente","9":"product_cat-francais","10":"pa_auteurs-roald-dahl","12":"first","13":"instock","14":"shipping-taxable","15":"purchasable","16":"product-type-simple"},"_links":{"self":[{"href":"https:\/\/baralivres.ma\/index.php?rest_route=\/wp\/v2\/product\/19607","targetHints":{"allow":["GET"]}}],"collection":[{"href":"https:\/\/baralivres.ma\/index.php?rest_route=\/wp\/v2\/product"}],"about":[{"href":"https:\/\/baralivres.ma\/index.php?rest_route=\/wp\/v2\/types\/product"}],"replies":[{"embeddable":true,"href":"https:\/\/baralivres.ma\/index.php?rest_route=%2Fwp%2Fv2%2Fcomments&post=19607"}],"version-history":[{"count":1,"href":"https:\/\/baralivres.ma\/index.php?rest_route=\/wp\/v2\/product\/19607\/revisions"}],"predecessor-version":[{"id":19620,"href":"https:\/\/baralivres.ma\/index.php?rest_route=\/wp\/v2\/product\/19607\/revisions\/19620"}],"wp:featuredmedia":[{"embeddable":true,"href":"https:\/\/baralivres.ma\/index.php?rest_route=\/wp\/v2\/media\/19617"}],"wp:attachment":[{"href":"https:\/\/baralivres.ma\/index.php?rest_route=%2Fwp%2Fv2%2Fmedia&parent=19607"}],"wp:term":[{"taxonomy":"product_cat","embeddable":true,"href":"https:\/\/baralivres.ma\/index.php?rest_route=%2Fwp%2Fv2%2Fproduct_cat&post=19607"},{"taxonomy":"product_tag","embeddable":true,"href":"https:\/\/baralivres.ma\/index.php?rest_route=%2Fwp%2Fv2%2Fproduct_tag&post=19607"}],"curies":[{"name":"wp","href":"https:\/\/api.w.org\/{rel}","templated":true}]}}