{"id":19574,"date":"2023-11-13T10:38:11","date_gmt":"2023-11-13T09:38:11","guid":{"rendered":"https:\/\/baralivres.ma\/?post_type=product&#038;p=19574"},"modified":"2024-11-18T13:51:51","modified_gmt":"2024-11-18T12:51:51","slug":"lhorizon-bleu","status":"publish","type":"product","link":"https:\/\/baralivres.ma\/?product=lhorizon-bleu","title":{"rendered":"L&rsquo;Horizon bleu"},"content":{"rendered":"<p>En 1914, Pierre, un jeune enseignant du nord de la France, s&rsquo;engage dans la guerre, laissant \u00e0 sa femme Elisabeth la responsabilit\u00e9 d&rsquo;assurer les cours. Tout au long des quatre ann\u00e9es suivantes, Pierre fait face aux conditions difficiles des soldats sur le front, subit des blessures et est fait prisonnier. Pendant ce temps, Elisabeth, confront\u00e9e \u00e0 la solitude, \u00e0 l&rsquo;angoisse et aux privations, d\u00e9veloppe son ind\u00e9pendance. \u00c0 travers la correspondance et l&rsquo;histoire de Pierre et Elisabeth, le r\u00e9cit met en lumi\u00e8re les r\u00e9alit\u00e9s de la guerre et les difficult\u00e9s rencontr\u00e9es par la population \u00e0 l&rsquo;arri\u00e8re, offrant ainsi aux enfants une compr\u00e9hension approfondie de cette p\u00e9riode.<\/p>\n","protected":false},"excerpt":{"rendered":"<p>Pierre, instituteur en 1914, part \u00e0 la guerre ; Elisabeth enseigne, vivant solitude et privations.<\/p>\n","protected":false},"featured_media":19581,"comment_status":"open","ping_status":"closed","template":"","meta":{"inline_featured_image":false},"product_cat":[203,204],"product_tag":[],"class_list":{"0":"post-19574","1":"product","2":"type-product","3":"status-publish","4":"has-post-thumbnail","6":"product_cat-adolescente","7":"product_cat-francais","8":"pa_auteurs-dorothee-piatek","10":"first","11":"instock","12":"shipping-taxable","13":"purchasable","14":"product-type-simple"},"_links":{"self":[{"href":"https:\/\/baralivres.ma\/index.php?rest_route=\/wp\/v2\/product\/19574","targetHints":{"allow":["GET"]}}],"collection":[{"href":"https:\/\/baralivres.ma\/index.php?rest_route=\/wp\/v2\/product"}],"about":[{"href":"https:\/\/baralivres.ma\/index.php?rest_route=\/wp\/v2\/types\/product"}],"replies":[{"embeddable":true,"href":"https:\/\/baralivres.ma\/index.php?rest_route=%2Fwp%2Fv2%2Fcomments&post=19574"}],"version-history":[{"count":1,"href":"https:\/\/baralivres.ma\/index.php?rest_route=\/wp\/v2\/product\/19574\/revisions"}],"predecessor-version":[{"id":19582,"href":"https:\/\/baralivres.ma\/index.php?rest_route=\/wp\/v2\/product\/19574\/revisions\/19582"}],"wp:featuredmedia":[{"embeddable":true,"href":"https:\/\/baralivres.ma\/index.php?rest_route=\/wp\/v2\/media\/19581"}],"wp:attachment":[{"href":"https:\/\/baralivres.ma\/index.php?rest_route=%2Fwp%2Fv2%2Fmedia&parent=19574"}],"wp:term":[{"taxonomy":"product_cat","embeddable":true,"href":"https:\/\/baralivres.ma\/index.php?rest_route=%2Fwp%2Fv2%2Fproduct_cat&post=19574"},{"taxonomy":"product_tag","embeddable":true,"href":"https:\/\/baralivres.ma\/index.php?rest_route=%2Fwp%2Fv2%2Fproduct_tag&post=19574"}],"curies":[{"name":"wp","href":"https:\/\/api.w.org\/{rel}","templated":true}]}}