{"id":19563,"date":"2023-11-13T10:33:21","date_gmt":"2023-11-13T09:33:21","guid":{"rendered":"https:\/\/baralivres.ma\/?post_type=product&#038;p=19563"},"modified":"2023-11-13T10:35:45","modified_gmt":"2023-11-13T09:35:45","slug":"pourquoi-ecrire-va-vous-rendre-heureux","status":"publish","type":"product","link":"https:\/\/baralivres.ma\/?product=pourquoi-ecrire-va-vous-rendre-heureux","title":{"rendered":"Pourquoi \u00e9crire va vous rendre heureux"},"content":{"rendered":"<p>Ce livre, recommand\u00e9 dans les universit\u00e9s et vendu \u00e0 des millions d&rsquo;exemplaires, est la r\u00e9f\u00e9rence incontournable sur l&rsquo;art d&rsquo;\u00e9crire. Natalie Goldberg, avec perspicacit\u00e9 et humour, guide les lecteurs pour trouver le bonheur dans l&rsquo;\u00e9criture. Elle conseille sur des aspects pratiques tels que le choix du lieu, l&rsquo;ouverture \u00e0 l&rsquo;inspiration en gardant la main en mouvement, l&rsquo;importance de l&rsquo;\u00e9coute, le pouvoir des verbes, et surmonte les doutes. L&rsquo;auteur explore comment l&rsquo;acte d&rsquo;\u00e9crire apaise, \u00e9claire et procure le bonheur. La pr\u00e9face de Laure Limongi introduit cet ouvrage traduit de l&rsquo;anglais par Richard Doust.<\/p>\n","protected":false},"excerpt":{"rendered":"<p>Guide incontournable sur l&rsquo;art d&rsquo;\u00e9crire, Natalie Goldberg explore le bonheur et la pratique de l&rsquo;\u00e9criture.<\/p>\n","protected":false},"featured_media":19570,"comment_status":"open","ping_status":"closed","template":"","meta":{"inline_featured_image":false},"product_cat":[204,91],"product_tag":[],"class_list":{"0":"post-19563","1":"product","2":"type-product","3":"status-publish","4":"has-post-thumbnail","6":"product_cat-francais","7":"product_cat-developpement","8":"pa_auteurs-natalie-goldberg","10":"first","11":"instock","12":"shipping-taxable","13":"purchasable","14":"product-type-simple"},"_links":{"self":[{"href":"https:\/\/baralivres.ma\/index.php?rest_route=\/wp\/v2\/product\/19563","targetHints":{"allow":["GET"]}}],"collection":[{"href":"https:\/\/baralivres.ma\/index.php?rest_route=\/wp\/v2\/product"}],"about":[{"href":"https:\/\/baralivres.ma\/index.php?rest_route=\/wp\/v2\/types\/product"}],"replies":[{"embeddable":true,"href":"https:\/\/baralivres.ma\/index.php?rest_route=%2Fwp%2Fv2%2Fcomments&post=19563"}],"version-history":[{"count":1,"href":"https:\/\/baralivres.ma\/index.php?rest_route=\/wp\/v2\/product\/19563\/revisions"}],"predecessor-version":[{"id":19571,"href":"https:\/\/baralivres.ma\/index.php?rest_route=\/wp\/v2\/product\/19563\/revisions\/19571"}],"wp:featuredmedia":[{"embeddable":true,"href":"https:\/\/baralivres.ma\/index.php?rest_route=\/wp\/v2\/media\/19570"}],"wp:attachment":[{"href":"https:\/\/baralivres.ma\/index.php?rest_route=%2Fwp%2Fv2%2Fmedia&parent=19563"}],"wp:term":[{"taxonomy":"product_cat","embeddable":true,"href":"https:\/\/baralivres.ma\/index.php?rest_route=%2Fwp%2Fv2%2Fproduct_cat&post=19563"},{"taxonomy":"product_tag","embeddable":true,"href":"https:\/\/baralivres.ma\/index.php?rest_route=%2Fwp%2Fv2%2Fproduct_tag&post=19563"}],"curies":[{"name":"wp","href":"https:\/\/api.w.org\/{rel}","templated":true}]}}