{"id":19518,"date":"2023-11-13T10:10:24","date_gmt":"2023-11-13T09:10:24","guid":{"rendered":"https:\/\/baralivres.ma\/?post_type=product&#038;p=19518"},"modified":"2023-11-13T10:10:25","modified_gmt":"2023-11-13T09:10:25","slug":"lart-daimer-2","status":"publish","type":"product","link":"https:\/\/baralivres.ma\/?product=lart-daimer-2","title":{"rendered":"L&rsquo;Art d&rsquo;aimer"},"content":{"rendered":"<p>Erich Fromm, psychanalyste de l&rsquo;\u00c9cole de Francfort, enseigne que l&rsquo;amour est un art qui s&rsquo;apprend. Aimer requiert conscience sociale, exploration personnelle, et amour de soi pour la libert\u00e9. \u00ab\u00a0L&rsquo;Art d&rsquo;aimer\u00a0\u00bb, classique humaniste et accessible, offre une r\u00e9ponse intemporelle aux d\u00e9fis de vivre ensemble, soulignant que l&rsquo;amour est le dynamisme le plus puissant de l&rsquo;homme.<\/p>\n","protected":false},"excerpt":{"rendered":"<p>Erich Fromm explore l&rsquo;amour comme un art \u00e0 apprendre, reliant conscience sociale, introspection, et libert\u00e9 \u00e9motionnelle authentique.<\/p>\n","protected":false},"featured_media":19526,"comment_status":"open","ping_status":"closed","template":"","meta":{"inline_featured_image":false},"product_cat":[204,91],"product_tag":[],"class_list":{"0":"post-19518","1":"product","2":"type-product","3":"status-publish","4":"has-post-thumbnail","6":"product_cat-francais","7":"product_cat-developpement","8":"pa_auteurs-erich-fromm","10":"first","11":"instock","12":"shipping-taxable","13":"purchasable","14":"product-type-simple"},"_links":{"self":[{"href":"https:\/\/baralivres.ma\/index.php?rest_route=\/wp\/v2\/product\/19518","targetHints":{"allow":["GET"]}}],"collection":[{"href":"https:\/\/baralivres.ma\/index.php?rest_route=\/wp\/v2\/product"}],"about":[{"href":"https:\/\/baralivres.ma\/index.php?rest_route=\/wp\/v2\/types\/product"}],"replies":[{"embeddable":true,"href":"https:\/\/baralivres.ma\/index.php?rest_route=%2Fwp%2Fv2%2Fcomments&post=19518"}],"version-history":[{"count":1,"href":"https:\/\/baralivres.ma\/index.php?rest_route=\/wp\/v2\/product\/19518\/revisions"}],"predecessor-version":[{"id":19527,"href":"https:\/\/baralivres.ma\/index.php?rest_route=\/wp\/v2\/product\/19518\/revisions\/19527"}],"wp:featuredmedia":[{"embeddable":true,"href":"https:\/\/baralivres.ma\/index.php?rest_route=\/wp\/v2\/media\/19526"}],"wp:attachment":[{"href":"https:\/\/baralivres.ma\/index.php?rest_route=%2Fwp%2Fv2%2Fmedia&parent=19518"}],"wp:term":[{"taxonomy":"product_cat","embeddable":true,"href":"https:\/\/baralivres.ma\/index.php?rest_route=%2Fwp%2Fv2%2Fproduct_cat&post=19518"},{"taxonomy":"product_tag","embeddable":true,"href":"https:\/\/baralivres.ma\/index.php?rest_route=%2Fwp%2Fv2%2Fproduct_tag&post=19518"}],"curies":[{"name":"wp","href":"https:\/\/api.w.org\/{rel}","templated":true}]}}