{"id":19513,"date":"2023-11-13T10:08:30","date_gmt":"2023-11-13T09:08:30","guid":{"rendered":"https:\/\/baralivres.ma\/?post_type=product&#038;p=19513"},"modified":"2023-11-13T10:08:31","modified_gmt":"2023-11-13T09:08:31","slug":"dune-tome-5-les-heretiques-de-dune-2","status":"publish","type":"product","link":"https:\/\/baralivres.ma\/?product=dune-tome-5-les-heretiques-de-dune-2","title":{"rendered":"Dune &#8211; Tome 5 Les h\u00e9r\u00e9tiques de Dune"},"content":{"rendered":"<p>Dans les futurs lointains, les maisons Atr\u00e9ides et Arkonens se disputent le contr\u00f4le de l&rsquo;\u00e9pice sur Dune, une plan\u00e8te hostile habit\u00e9e par les Fremens et des vers gigantesques attir\u00e9s par les moissonneuses. Les Arkonnens, cruels conspirateurs li\u00e9s \u00e0 l&#8217;empereur, ourdissent des complots. Pendant ce temps, Paul Atr\u00e9ides, fils du duc Leto, \u00e9merge comme le possible messie attendu par les Fremens.<\/p>\n<p>Des mill\u00e9naires se sont \u00e9coul\u00e9s depuis la mort de Leto II le Tyran, l&rsquo;Empereur-Dieu, entra\u00eenant des p\u00e9riodes de violence, la Grande Famine et la Dispersion de l&rsquo;humanit\u00e9 \u00e0 travers les univers. Malgr\u00e9 cela, l&rsquo;objectif du Tyran, la survie de l&rsquo;humanit\u00e9, a \u00e9t\u00e9 atteint. Dune, rebaptis\u00e9e Rakis, a retrouv\u00e9 son statut de d\u00e9sert, perdant de son int\u00e9r\u00eat avec la synth\u00e8se de l&rsquo;\u00e9pice. Cependant, des rumeurs circulent \u00e0 propos de Sheeana, une jeune fille capable, dit-on, de commander les vers g\u00e9ants. De plus, les \u00c9gar\u00e9s de la Grande Dispersion commencent \u00e0 revenir \u00e0 travers l&rsquo;Empire, sugg\u00e9rant que Rakis pourrait de nouveau attirer l&rsquo;attention g\u00e9n\u00e9rale.<\/p>\n","protected":false},"excerpt":{"rendered":"<p>Conflit entre Atr\u00e9ides et Arkonens pour l&rsquo;\u00e9pice sur Dune, proph\u00e9tie et intrigues persistantes dans l&rsquo;avenir interstellaire.<\/p>\n","protected":false},"featured_media":19521,"comment_status":"open","ping_status":"closed","template":"","meta":{"inline_featured_image":false},"product_cat":[204,199],"product_tag":[],"class_list":{"0":"post-19513","1":"product","2":"type-product","3":"status-publish","4":"has-post-thumbnail","6":"product_cat-francais","7":"product_cat-histoires","8":"pa_auteurs-frank-herbert","10":"first","11":"instock","12":"shipping-taxable","13":"purchasable","14":"product-type-simple"},"_links":{"self":[{"href":"https:\/\/baralivres.ma\/index.php?rest_route=\/wp\/v2\/product\/19513","targetHints":{"allow":["GET"]}}],"collection":[{"href":"https:\/\/baralivres.ma\/index.php?rest_route=\/wp\/v2\/product"}],"about":[{"href":"https:\/\/baralivres.ma\/index.php?rest_route=\/wp\/v2\/types\/product"}],"replies":[{"embeddable":true,"href":"https:\/\/baralivres.ma\/index.php?rest_route=%2Fwp%2Fv2%2Fcomments&post=19513"}],"version-history":[{"count":1,"href":"https:\/\/baralivres.ma\/index.php?rest_route=\/wp\/v2\/product\/19513\/revisions"}],"predecessor-version":[{"id":19522,"href":"https:\/\/baralivres.ma\/index.php?rest_route=\/wp\/v2\/product\/19513\/revisions\/19522"}],"wp:featuredmedia":[{"embeddable":true,"href":"https:\/\/baralivres.ma\/index.php?rest_route=\/wp\/v2\/media\/19521"}],"wp:attachment":[{"href":"https:\/\/baralivres.ma\/index.php?rest_route=%2Fwp%2Fv2%2Fmedia&parent=19513"}],"wp:term":[{"taxonomy":"product_cat","embeddable":true,"href":"https:\/\/baralivres.ma\/index.php?rest_route=%2Fwp%2Fv2%2Fproduct_cat&post=19513"},{"taxonomy":"product_tag","embeddable":true,"href":"https:\/\/baralivres.ma\/index.php?rest_route=%2Fwp%2Fv2%2Fproduct_tag&post=19513"}],"curies":[{"name":"wp","href":"https:\/\/api.w.org\/{rel}","templated":true}]}}