{"id":19471,"date":"2023-11-13T09:47:51","date_gmt":"2023-11-13T08:47:51","guid":{"rendered":"https:\/\/baralivres.ma\/?post_type=product&#038;p=19471"},"modified":"2024-11-18T13:54:57","modified_gmt":"2024-11-18T12:54:57","slug":"le-dernier-jour-dun-condamne-3","status":"publish","type":"product","link":"https:\/\/baralivres.ma\/?product=le-dernier-jour-dun-condamne-3","title":{"rendered":"Le Dernier Jour d&rsquo;un Condamn\u00e9"},"content":{"rendered":"<p>Au sein d&rsquo;une cellule obscure, un homme se pr\u00e9pare \u00e0 affronter la perspective imminente de sa propre mort. Pour \u00e9chapper \u00e0 l&rsquo;insupportable attente qui l&rsquo;accable, il consigne par \u00e9crit ses craintes d\u00e9chirantes et ses ultimes espoirs. Dans cette d\u00e9marche introspective, il se rem\u00e9more \u00e9galement les moments de fl\u00e2nerie \u00e0 travers les rues parisiennes et l&rsquo;innocence rayonnante de sa petite fille, Marie. Ce condamn\u00e9 de Victor Hugo, d\u00e9pourvu de nom et de visage, devient ainsi le reflet de chaque \u00eatre humain, suscitant une profonde empathie face \u00e0 l&rsquo;injustice poignante de son destin. L&rsquo;\u0153uvre offre une plong\u00e9e \u00e9motionnelle dans la condition humaine, soulignant la r\u00e9sonance intemporelle de cette trag\u00e9die. Un ensemble de ressources, telles que des notes lexicales, une biographie de l&rsquo;auteur, le contexte historique et culturel, ainsi que des analyses approfondies, accompagnent cette \u0153uvre embl\u00e9matique. Ces outils, r\u00e9partis entre les volets \u00ab\u00a0Tout pour comprendre\u00a0\u00bb et \u00ab\u00a0Tout pour r\u00e9ussir\u00a0\u00bb, guident le lecteur \u00e0 travers les nuances de l&rsquo;\u00e9criture de Victor Hugo. De plus, des groupements de textes th\u00e9matiques explorent des concepts tels que la peine de mort et l&rsquo;injustice sociale, offrant une perspective \u00e9largie pour une compr\u00e9hension approfondie de l&rsquo;\u0153uvre.<\/p>\n","protected":false},"excerpt":{"rendered":"<p>Condamn\u00e9 \u00e0 mort, homme anonyme partage ses craintes, espoirs et souvenirs \u00e0 travers l&rsquo;\u00e9criture introspective.<\/p>\n","protected":false},"featured_media":19480,"comment_status":"open","ping_status":"closed","template":"","meta":{"inline_featured_image":false},"product_cat":[203,204],"product_tag":[],"class_list":{"0":"post-19471","1":"product","2":"type-product","3":"status-publish","4":"has-post-thumbnail","6":"product_cat-adolescente","7":"product_cat-francais","8":"pa_auteurs-victor-hugo-2","10":"first","11":"instock","12":"shipping-taxable","13":"purchasable","14":"product-type-simple"},"_links":{"self":[{"href":"https:\/\/baralivres.ma\/index.php?rest_route=\/wp\/v2\/product\/19471","targetHints":{"allow":["GET"]}}],"collection":[{"href":"https:\/\/baralivres.ma\/index.php?rest_route=\/wp\/v2\/product"}],"about":[{"href":"https:\/\/baralivres.ma\/index.php?rest_route=\/wp\/v2\/types\/product"}],"replies":[{"embeddable":true,"href":"https:\/\/baralivres.ma\/index.php?rest_route=%2Fwp%2Fv2%2Fcomments&post=19471"}],"version-history":[{"count":1,"href":"https:\/\/baralivres.ma\/index.php?rest_route=\/wp\/v2\/product\/19471\/revisions"}],"predecessor-version":[{"id":19481,"href":"https:\/\/baralivres.ma\/index.php?rest_route=\/wp\/v2\/product\/19471\/revisions\/19481"}],"wp:featuredmedia":[{"embeddable":true,"href":"https:\/\/baralivres.ma\/index.php?rest_route=\/wp\/v2\/media\/19480"}],"wp:attachment":[{"href":"https:\/\/baralivres.ma\/index.php?rest_route=%2Fwp%2Fv2%2Fmedia&parent=19471"}],"wp:term":[{"taxonomy":"product_cat","embeddable":true,"href":"https:\/\/baralivres.ma\/index.php?rest_route=%2Fwp%2Fv2%2Fproduct_cat&post=19471"},{"taxonomy":"product_tag","embeddable":true,"href":"https:\/\/baralivres.ma\/index.php?rest_route=%2Fwp%2Fv2%2Fproduct_tag&post=19471"}],"curies":[{"name":"wp","href":"https:\/\/api.w.org\/{rel}","templated":true}]}}