{"id":19434,"date":"2023-11-10T17:48:44","date_gmt":"2023-11-10T16:48:44","guid":{"rendered":"https:\/\/baralivres.ma\/?post_type=product&#038;p=19434"},"modified":"2024-05-05T15:43:18","modified_gmt":"2024-05-05T14:43:18","slug":"les-cinq-blessures-qui-empechent-detre-soi-meme","status":"publish","type":"product","link":"https:\/\/baralivres.ma\/?product=les-cinq-blessures-qui-empechent-detre-soi-meme","title":{"rendered":"Les cinq blessures qui emp\u00eachent d&rsquo;\u00eatre soi-m\u00eame"},"content":{"rendered":"<p>\u00ab\u00a0Les 5 blessures fondamentales, rejet, abandon, humiliation, trahison, injustice, sont la source de nos maux. Lise Bourbeau, experte en d\u00e9veloppement personnel, d\u00e9crit ces blessures en d\u00e9tail et guide vers la gu\u00e9rison. Comprendre ces m\u00e9canismes permet un \u00e9panouissement personnel authentique. Un guide pratique pour transformer les probl\u00e8mes quotidiens en opportunit\u00e9s de croissance.\u00a0\u00bb<\/p>\n","protected":false},"excerpt":{"rendered":"<p>\u00ab\u00a0Les 5 blessures fondamentales : rejet, abandon, humiliation, trahison, injustice. Guide de gu\u00e9rison pour l&rsquo;\u00e9panouissement personnel.\u00a0\u00bb<\/p>\n","protected":false},"featured_media":19438,"comment_status":"open","ping_status":"closed","template":"","meta":{"inline_featured_image":false},"product_cat":[3674,204,91],"product_tag":[],"class_list":{"0":"post-19434","1":"product","2":"type-product","3":"status-publish","4":"has-post-thumbnail","6":"product_cat-best-s","7":"product_cat-francais","8":"product_cat-developpement","9":"pa_auteurs-lise-bourbeau","11":"first","12":"instock","13":"shipping-taxable","14":"purchasable","15":"product-type-simple"},"_links":{"self":[{"href":"https:\/\/baralivres.ma\/index.php?rest_route=\/wp\/v2\/product\/19434","targetHints":{"allow":["GET"]}}],"collection":[{"href":"https:\/\/baralivres.ma\/index.php?rest_route=\/wp\/v2\/product"}],"about":[{"href":"https:\/\/baralivres.ma\/index.php?rest_route=\/wp\/v2\/types\/product"}],"replies":[{"embeddable":true,"href":"https:\/\/baralivres.ma\/index.php?rest_route=%2Fwp%2Fv2%2Fcomments&post=19434"}],"version-history":[{"count":1,"href":"https:\/\/baralivres.ma\/index.php?rest_route=\/wp\/v2\/product\/19434\/revisions"}],"predecessor-version":[{"id":19439,"href":"https:\/\/baralivres.ma\/index.php?rest_route=\/wp\/v2\/product\/19434\/revisions\/19439"}],"wp:featuredmedia":[{"embeddable":true,"href":"https:\/\/baralivres.ma\/index.php?rest_route=\/wp\/v2\/media\/19438"}],"wp:attachment":[{"href":"https:\/\/baralivres.ma\/index.php?rest_route=%2Fwp%2Fv2%2Fmedia&parent=19434"}],"wp:term":[{"taxonomy":"product_cat","embeddable":true,"href":"https:\/\/baralivres.ma\/index.php?rest_route=%2Fwp%2Fv2%2Fproduct_cat&post=19434"},{"taxonomy":"product_tag","embeddable":true,"href":"https:\/\/baralivres.ma\/index.php?rest_route=%2Fwp%2Fv2%2Fproduct_tag&post=19434"}],"curies":[{"name":"wp","href":"https:\/\/api.w.org\/{rel}","templated":true}]}}