{"id":19407,"date":"2023-11-10T17:20:02","date_gmt":"2023-11-10T16:20:02","guid":{"rendered":"https:\/\/baralivres.ma\/?post_type=product&#038;p=19407"},"modified":"2023-11-10T17:23:12","modified_gmt":"2023-11-10T16:23:12","slug":"u4-yannis","status":"publish","type":"product","link":"https:\/\/baralivres.ma\/?product=u4-yannis","title":{"rendered":"U4 : Yannis"},"content":{"rendered":"<p>La s\u00e9rie poignante nous plonge dans l&rsquo;univers post-apocalyptique o\u00f9 Yannis, St\u00e9phane, Jules et Koridwen, \u00e2g\u00e9s de 15 \u00e0 18 ans, sont les rares survivants d&rsquo;une pand\u00e9mie mondiale d\u00e9vastatrice. Ayant perdu famille et proches, ils se lancent chacun dans un voyage vers un myst\u00e9rieux rendez-vous \u00e0 Paris, ignorant encore que leurs destin\u00e9es convergent vers un futur incertain o\u00f9 l&rsquo;espoir et la survie sont les seuls guides. Chacun porte le fardeau de la perte, mais leur p\u00e9riple les m\u00e8nera peut-\u00eatre vers une lueur d&rsquo;espoir dans ce monde d\u00e9vast\u00e9.<\/p>\n","protected":false},"excerpt":{"rendered":"<p>Dans un monde post-apocalyptique, Yannis, St\u00e9phane, Jules et Koridwen, survivants du virus U4, convergent vers un myst\u00e9rieux rendez-vous \u00e0 Paris.<\/p>\n","protected":false},"featured_media":19411,"comment_status":"open","ping_status":"closed","template":"","meta":{"inline_featured_image":false},"product_cat":[204,199],"product_tag":[],"class_list":{"0":"post-19407","1":"product","2":"type-product","3":"status-publish","4":"has-post-thumbnail","6":"product_cat-francais","7":"product_cat-histoires","8":"pa_auteurs-florence-hinckel","10":"first","11":"instock","12":"shipping-taxable","13":"purchasable","14":"product-type-simple"},"_links":{"self":[{"href":"https:\/\/baralivres.ma\/index.php?rest_route=\/wp\/v2\/product\/19407","targetHints":{"allow":["GET"]}}],"collection":[{"href":"https:\/\/baralivres.ma\/index.php?rest_route=\/wp\/v2\/product"}],"about":[{"href":"https:\/\/baralivres.ma\/index.php?rest_route=\/wp\/v2\/types\/product"}],"replies":[{"embeddable":true,"href":"https:\/\/baralivres.ma\/index.php?rest_route=%2Fwp%2Fv2%2Fcomments&post=19407"}],"version-history":[{"count":1,"href":"https:\/\/baralivres.ma\/index.php?rest_route=\/wp\/v2\/product\/19407\/revisions"}],"predecessor-version":[{"id":19412,"href":"https:\/\/baralivres.ma\/index.php?rest_route=\/wp\/v2\/product\/19407\/revisions\/19412"}],"wp:featuredmedia":[{"embeddable":true,"href":"https:\/\/baralivres.ma\/index.php?rest_route=\/wp\/v2\/media\/19411"}],"wp:attachment":[{"href":"https:\/\/baralivres.ma\/index.php?rest_route=%2Fwp%2Fv2%2Fmedia&parent=19407"}],"wp:term":[{"taxonomy":"product_cat","embeddable":true,"href":"https:\/\/baralivres.ma\/index.php?rest_route=%2Fwp%2Fv2%2Fproduct_cat&post=19407"},{"taxonomy":"product_tag","embeddable":true,"href":"https:\/\/baralivres.ma\/index.php?rest_route=%2Fwp%2Fv2%2Fproduct_tag&post=19407"}],"curies":[{"name":"wp","href":"https:\/\/api.w.org\/{rel}","templated":true}]}}