{"id":19406,"date":"2023-11-10T17:17:45","date_gmt":"2023-11-10T16:17:45","guid":{"rendered":"https:\/\/baralivres.ma\/?post_type=product&#038;p=19406"},"modified":"2023-11-10T17:17:45","modified_gmt":"2023-11-10T16:17:45","slug":"lage-de-la-connaissance","status":"publish","type":"product","link":"https:\/\/baralivres.ma\/?product=lage-de-la-connaissance","title":{"rendered":"L&rsquo;Age de la connaissance"},"content":{"rendered":"<p>Idriss Aberkane, sp\u00e9cialiste des neurosciences, expose la vision d&rsquo;une \u00e9conomie de la connaissance infinie, en contraste avec l&rsquo;\u00e9puisement des hydrocarbures. Cette approche, oppos\u00e9e \u00e0 l&rsquo;\u00e9conomie conventionnelle, d\u00e9fie ses lois, utilisant une mati\u00e8re premi\u00e8re in\u00e9puisable, encourageant le partage et liant le pouvoir d&rsquo;achat \u00e0 chacun. Il souligne son importance cruciale pour des enjeux tels que l&rsquo;\u00e9cologie, la gestion des d\u00e9chets, la lutte contre la pauvret\u00e9, appelant \u00e0 guider nos politiques actuelles. Idriss Aberkane, \u00e9ditorialiste au Point, affirme ainsi que cette \u00e9conomie de la connaissance doit \u00eatre au c\u0153ur de nos pr\u00e9occupations.<\/p>\n","protected":false},"excerpt":{"rendered":"<p>\u00ab\u00a0La connaissance infinie, alternative \u00e0 l&rsquo;\u00e9conomie des hydrocarbures, promet un d\u00e9veloppement durable, r\u00e9volutionnant nos pratiques.\u00a0\u00bb<\/p>\n","protected":false},"featured_media":19408,"comment_status":"open","ping_status":"closed","template":"","meta":{"inline_featured_image":false},"product_cat":[204,91],"product_tag":[],"class_list":{"0":"post-19406","1":"product","2":"type-product","3":"status-publish","4":"has-post-thumbnail","6":"product_cat-francais","7":"product_cat-developpement","8":"pa_auteurs-idriss-j-aberkane","10":"first","11":"instock","12":"shipping-taxable","13":"purchasable","14":"product-type-simple"},"_links":{"self":[{"href":"https:\/\/baralivres.ma\/index.php?rest_route=\/wp\/v2\/product\/19406","targetHints":{"allow":["GET"]}}],"collection":[{"href":"https:\/\/baralivres.ma\/index.php?rest_route=\/wp\/v2\/product"}],"about":[{"href":"https:\/\/baralivres.ma\/index.php?rest_route=\/wp\/v2\/types\/product"}],"replies":[{"embeddable":true,"href":"https:\/\/baralivres.ma\/index.php?rest_route=%2Fwp%2Fv2%2Fcomments&post=19406"}],"version-history":[{"count":1,"href":"https:\/\/baralivres.ma\/index.php?rest_route=\/wp\/v2\/product\/19406\/revisions"}],"predecessor-version":[{"id":19409,"href":"https:\/\/baralivres.ma\/index.php?rest_route=\/wp\/v2\/product\/19406\/revisions\/19409"}],"wp:featuredmedia":[{"embeddable":true,"href":"https:\/\/baralivres.ma\/index.php?rest_route=\/wp\/v2\/media\/19408"}],"wp:attachment":[{"href":"https:\/\/baralivres.ma\/index.php?rest_route=%2Fwp%2Fv2%2Fmedia&parent=19406"}],"wp:term":[{"taxonomy":"product_cat","embeddable":true,"href":"https:\/\/baralivres.ma\/index.php?rest_route=%2Fwp%2Fv2%2Fproduct_cat&post=19406"},{"taxonomy":"product_tag","embeddable":true,"href":"https:\/\/baralivres.ma\/index.php?rest_route=%2Fwp%2Fv2%2Fproduct_tag&post=19406"}],"curies":[{"name":"wp","href":"https:\/\/api.w.org\/{rel}","templated":true}]}}