{"id":19393,"date":"2023-11-10T17:02:33","date_gmt":"2023-11-10T16:02:33","guid":{"rendered":"https:\/\/baralivres.ma\/?post_type=product&#038;p=19393"},"modified":"2023-11-10T17:02:34","modified_gmt":"2023-11-10T16:02:34","slug":"pourquoi-cest-si-complique-lamour","status":"publish","type":"product","link":"https:\/\/baralivres.ma\/?product=pourquoi-cest-si-complique-lamour","title":{"rendered":"Pourquoi c&rsquo;est si compliqu\u00e9 l&rsquo;amour ?"},"content":{"rendered":"<p>Philippe Brenot, m\u00e9decin psychiatre et th\u00e9rapeute de couple, explore la complexit\u00e9 des relations amoureuses, d\u00e9construisant les malentendus r\u00e9sultant des divergences \u00e9volutives entre hommes et femmes. \u00c0 travers un document rigoureux, il offre un guide pour une relation respectueuse des diff\u00e9rences, s&rsquo;appuyant sur les le\u00e7ons de l&rsquo;histoire de l&rsquo;\u00e9volution. Ce livre r\u00e9volutionnaire transforme notre perception de l&rsquo;amour.<\/p>\n","protected":false},"excerpt":{"rendered":"<p>Diversit\u00e9 des d\u00e9sirs dans le couple expliqu\u00e9e par les diff\u00e9rences \u00e9volutives entre hommes et femmes, selon le sexologue.<\/p>\n","protected":false},"featured_media":19395,"comment_status":"open","ping_status":"closed","template":"","meta":{"inline_featured_image":false},"product_cat":[204,91],"product_tag":[],"class_list":{"0":"post-19393","1":"product","2":"type-product","3":"status-publish","4":"has-post-thumbnail","6":"product_cat-francais","7":"product_cat-developpement","9":"first","10":"instock","11":"shipping-taxable","12":"purchasable","13":"product-type-simple"},"_links":{"self":[{"href":"https:\/\/baralivres.ma\/index.php?rest_route=\/wp\/v2\/product\/19393","targetHints":{"allow":["GET"]}}],"collection":[{"href":"https:\/\/baralivres.ma\/index.php?rest_route=\/wp\/v2\/product"}],"about":[{"href":"https:\/\/baralivres.ma\/index.php?rest_route=\/wp\/v2\/types\/product"}],"replies":[{"embeddable":true,"href":"https:\/\/baralivres.ma\/index.php?rest_route=%2Fwp%2Fv2%2Fcomments&post=19393"}],"version-history":[{"count":1,"href":"https:\/\/baralivres.ma\/index.php?rest_route=\/wp\/v2\/product\/19393\/revisions"}],"predecessor-version":[{"id":19396,"href":"https:\/\/baralivres.ma\/index.php?rest_route=\/wp\/v2\/product\/19393\/revisions\/19396"}],"wp:featuredmedia":[{"embeddable":true,"href":"https:\/\/baralivres.ma\/index.php?rest_route=\/wp\/v2\/media\/19395"}],"wp:attachment":[{"href":"https:\/\/baralivres.ma\/index.php?rest_route=%2Fwp%2Fv2%2Fmedia&parent=19393"}],"wp:term":[{"taxonomy":"product_cat","embeddable":true,"href":"https:\/\/baralivres.ma\/index.php?rest_route=%2Fwp%2Fv2%2Fproduct_cat&post=19393"},{"taxonomy":"product_tag","embeddable":true,"href":"https:\/\/baralivres.ma\/index.php?rest_route=%2Fwp%2Fv2%2Fproduct_tag&post=19393"}],"curies":[{"name":"wp","href":"https:\/\/api.w.org\/{rel}","templated":true}]}}