{"id":19363,"date":"2023-11-10T16:03:27","date_gmt":"2023-11-10T15:03:27","guid":{"rendered":"https:\/\/baralivres.ma\/?post_type=product&#038;p=19363"},"modified":"2023-11-10T16:03:28","modified_gmt":"2023-11-10T15:03:28","slug":"la-riviere-a-lenvers-tome-1-tomek","status":"publish","type":"product","link":"https:\/\/baralivres.ma\/?product=la-riviere-a-lenvers-tome-1-tomek","title":{"rendered":"La rivi\u00e8re \u00e0 l&rsquo;envers &#8211; tome 1 Tomek"},"content":{"rendered":"<p>L&rsquo;histoire extraordinaire de Tomek, jeune \u00e9picier de 13 ans, est marqu\u00e9e par la recherche de l&rsquo;eau de la rivi\u00e8re Qjar, r\u00e9put\u00e9e pour conf\u00e9rer l&rsquo;immortalit\u00e9. Lorsqu&rsquo;une myst\u00e9rieuse jeune fille visite sa boutique et mentionne cette eau, Tomek, initialement ignorant de son existence, se trouve confront\u00e9 \u00e0 une qu\u00eate \u00e9pique pour satisfaire cette demande. Une aventure captivante d\u00e9voile les myst\u00e8res et les d\u00e9fis d&rsquo;un monde o\u00f9 l&rsquo;immortalit\u00e9 semble \u00e0 port\u00e9e de main.<\/p>\n","protected":false},"excerpt":{"rendered":"<p>Tomek, \u00e9picier de 13 ans, part en qu\u00eate de l&rsquo;eau immortelle pour une myst\u00e9rieuse cliente. Aventure captivante.<\/p>\n","protected":false},"featured_media":19367,"comment_status":"open","ping_status":"closed","template":"","meta":{"inline_featured_image":false},"product_cat":[204,199],"product_tag":[],"class_list":{"0":"post-19363","1":"product","2":"type-product","3":"status-publish","4":"has-post-thumbnail","6":"product_cat-francais","7":"product_cat-histoires","8":"pa_auteurs-jean-claude-mourlevat","10":"first","11":"instock","12":"shipping-taxable","13":"purchasable","14":"product-type-simple"},"_links":{"self":[{"href":"https:\/\/baralivres.ma\/index.php?rest_route=\/wp\/v2\/product\/19363","targetHints":{"allow":["GET"]}}],"collection":[{"href":"https:\/\/baralivres.ma\/index.php?rest_route=\/wp\/v2\/product"}],"about":[{"href":"https:\/\/baralivres.ma\/index.php?rest_route=\/wp\/v2\/types\/product"}],"replies":[{"embeddable":true,"href":"https:\/\/baralivres.ma\/index.php?rest_route=%2Fwp%2Fv2%2Fcomments&post=19363"}],"version-history":[{"count":1,"href":"https:\/\/baralivres.ma\/index.php?rest_route=\/wp\/v2\/product\/19363\/revisions"}],"predecessor-version":[{"id":19368,"href":"https:\/\/baralivres.ma\/index.php?rest_route=\/wp\/v2\/product\/19363\/revisions\/19368"}],"wp:featuredmedia":[{"embeddable":true,"href":"https:\/\/baralivres.ma\/index.php?rest_route=\/wp\/v2\/media\/19367"}],"wp:attachment":[{"href":"https:\/\/baralivres.ma\/index.php?rest_route=%2Fwp%2Fv2%2Fmedia&parent=19363"}],"wp:term":[{"taxonomy":"product_cat","embeddable":true,"href":"https:\/\/baralivres.ma\/index.php?rest_route=%2Fwp%2Fv2%2Fproduct_cat&post=19363"},{"taxonomy":"product_tag","embeddable":true,"href":"https:\/\/baralivres.ma\/index.php?rest_route=%2Fwp%2Fv2%2Fproduct_tag&post=19363"}],"curies":[{"name":"wp","href":"https:\/\/api.w.org\/{rel}","templated":true}]}}