{"id":19340,"date":"2023-11-10T15:37:53","date_gmt":"2023-11-10T14:37:53","guid":{"rendered":"https:\/\/baralivres.ma\/?post_type=product&#038;p=19340"},"modified":"2023-11-10T15:44:42","modified_gmt":"2023-11-10T14:44:42","slug":"aimer-en-pleine-conscience","status":"publish","type":"product","link":"https:\/\/baralivres.ma\/?product=aimer-en-pleine-conscience","title":{"rendered":"Aimer en pleine conscience"},"content":{"rendered":"<p>Dans la vision de Thich Nhat Hanh, l&rsquo;amour v\u00e9ritable transcende la simple \u00e9motion pour englober beaut\u00e9, fra\u00eecheur, solidit\u00e9, libert\u00e9, paix, et une joie profonde. Sa philosophie encourage une approche consciente de l&rsquo;amour, soulignant que si ces \u00e9l\u00e9ments ne sont pas ressentis dans une relation, il ne s&rsquo;agit pas d&rsquo;un amour authentique. Ce livre explore les principes de l&rsquo;amour en pleine conscience, offrant une perspective profonde et \u00e9clairante sur la nature de l&rsquo;amour v\u00e9ritable.<\/p>\n","protected":false},"excerpt":{"rendered":"<p>\u00ab\u00a0Selon Thich Nhat Hanh, l&rsquo;amour authentique apporte beaut\u00e9, fra\u00eecheur, solidit\u00e9, libert\u00e9, paix, et une joie profonde.\u00a0\u00bb<\/p>\n","protected":false},"featured_media":19344,"comment_status":"open","ping_status":"closed","template":"","meta":{"inline_featured_image":false},"product_cat":[204,91],"product_tag":[],"class_list":{"0":"post-19340","1":"product","2":"type-product","3":"status-publish","4":"has-post-thumbnail","6":"product_cat-francais","7":"product_cat-developpement","8":"pa_auteurs-thich-nhat-hanh","10":"first","11":"instock","12":"shipping-taxable","13":"purchasable","14":"product-type-simple"},"_links":{"self":[{"href":"https:\/\/baralivres.ma\/index.php?rest_route=\/wp\/v2\/product\/19340","targetHints":{"allow":["GET"]}}],"collection":[{"href":"https:\/\/baralivres.ma\/index.php?rest_route=\/wp\/v2\/product"}],"about":[{"href":"https:\/\/baralivres.ma\/index.php?rest_route=\/wp\/v2\/types\/product"}],"replies":[{"embeddable":true,"href":"https:\/\/baralivres.ma\/index.php?rest_route=%2Fwp%2Fv2%2Fcomments&post=19340"}],"version-history":[{"count":1,"href":"https:\/\/baralivres.ma\/index.php?rest_route=\/wp\/v2\/product\/19340\/revisions"}],"predecessor-version":[{"id":19345,"href":"https:\/\/baralivres.ma\/index.php?rest_route=\/wp\/v2\/product\/19340\/revisions\/19345"}],"wp:featuredmedia":[{"embeddable":true,"href":"https:\/\/baralivres.ma\/index.php?rest_route=\/wp\/v2\/media\/19344"}],"wp:attachment":[{"href":"https:\/\/baralivres.ma\/index.php?rest_route=%2Fwp%2Fv2%2Fmedia&parent=19340"}],"wp:term":[{"taxonomy":"product_cat","embeddable":true,"href":"https:\/\/baralivres.ma\/index.php?rest_route=%2Fwp%2Fv2%2Fproduct_cat&post=19340"},{"taxonomy":"product_tag","embeddable":true,"href":"https:\/\/baralivres.ma\/index.php?rest_route=%2Fwp%2Fv2%2Fproduct_tag&post=19340"}],"curies":[{"name":"wp","href":"https:\/\/api.w.org\/{rel}","templated":true}]}}