{"id":19331,"date":"2023-11-10T15:29:28","date_gmt":"2023-11-10T14:29:28","guid":{"rendered":"https:\/\/baralivres.ma\/?post_type=product&#038;p=19331"},"modified":"2023-11-10T15:29:29","modified_gmt":"2023-11-10T14:29:29","slug":"lart-de-la-paix","status":"publish","type":"product","link":"https:\/\/baralivres.ma\/?product=lart-de-la-paix","title":{"rendered":"L&rsquo;art de la paix"},"content":{"rendered":"<p>\u00ab\u00a0Thich Nhat Hanh, ma\u00eetre bouddhiste v\u00e9n\u00e9r\u00e9, offre un chemin accessible \u00e0 tous pour \u0153uvrer \u00e0 la paix int\u00e9rieure, avec les autres et dans le monde. \u00c0 travers des paraboles bouddhistes, des t\u00e9moignages poignants et des techniques de m\u00e9ditation, il enseigne comment vivre la non-violence en pens\u00e9e et en action. R\u00e9fugi\u00e9 politique en France depuis 1972, il a fond\u00e9 le Village des Pruniers, une communaut\u00e9 o\u00f9 il anime des s\u00e9minaires. Un guide spirituel majeur, il partage son exp\u00e9rience et sa sagesse pour inspirer une vie pacifique.\u00a0\u00bb<\/p>\n","protected":false},"excerpt":{"rendered":"<p>\u00ab\u00a0\u0152uvrer \u00e0 la paix s&rsquo;apprend avec courage. Thich Nhat Hanh, ma\u00eetre bouddhiste, guide vers la non-violence par paraboles, t\u00e9moignages et m\u00e9ditation.\u00a0\u00bb<\/p>\n","protected":false},"featured_media":19334,"comment_status":"open","ping_status":"closed","template":"","meta":{"inline_featured_image":false},"product_cat":[204,91],"product_tag":[],"class_list":{"0":"post-19331","1":"product","2":"type-product","3":"status-publish","4":"has-post-thumbnail","6":"product_cat-francais","7":"product_cat-developpement","8":"pa_auteurs-thich-nhat-hanh","10":"first","11":"instock","12":"shipping-taxable","13":"purchasable","14":"product-type-simple"},"_links":{"self":[{"href":"https:\/\/baralivres.ma\/index.php?rest_route=\/wp\/v2\/product\/19331","targetHints":{"allow":["GET"]}}],"collection":[{"href":"https:\/\/baralivres.ma\/index.php?rest_route=\/wp\/v2\/product"}],"about":[{"href":"https:\/\/baralivres.ma\/index.php?rest_route=\/wp\/v2\/types\/product"}],"replies":[{"embeddable":true,"href":"https:\/\/baralivres.ma\/index.php?rest_route=%2Fwp%2Fv2%2Fcomments&post=19331"}],"version-history":[{"count":1,"href":"https:\/\/baralivres.ma\/index.php?rest_route=\/wp\/v2\/product\/19331\/revisions"}],"predecessor-version":[{"id":19336,"href":"https:\/\/baralivres.ma\/index.php?rest_route=\/wp\/v2\/product\/19331\/revisions\/19336"}],"wp:featuredmedia":[{"embeddable":true,"href":"https:\/\/baralivres.ma\/index.php?rest_route=\/wp\/v2\/media\/19334"}],"wp:attachment":[{"href":"https:\/\/baralivres.ma\/index.php?rest_route=%2Fwp%2Fv2%2Fmedia&parent=19331"}],"wp:term":[{"taxonomy":"product_cat","embeddable":true,"href":"https:\/\/baralivres.ma\/index.php?rest_route=%2Fwp%2Fv2%2Fproduct_cat&post=19331"},{"taxonomy":"product_tag","embeddable":true,"href":"https:\/\/baralivres.ma\/index.php?rest_route=%2Fwp%2Fv2%2Fproduct_tag&post=19331"}],"curies":[{"name":"wp","href":"https:\/\/api.w.org\/{rel}","templated":true}]}}