{"id":19236,"date":"2023-11-10T13:54:43","date_gmt":"2023-11-10T12:54:43","guid":{"rendered":"https:\/\/baralivres.ma\/?post_type=product&#038;p=19236"},"modified":"2023-11-10T13:54:43","modified_gmt":"2023-11-10T12:54:43","slug":"la-peau-de-chagrin-2","status":"publish","type":"product","link":"https:\/\/baralivres.ma\/?product=la-peau-de-chagrin-2","title":{"rendered":"La Peau de chagrin"},"content":{"rendered":"<p>\u00c9dition comment\u00e9e par Gabrielle Chamarat et Catherine Bouttier-Couqueberg. Balzac, \u00e0 31 ans, cr\u00e9e \u00ab\u00a0La Peau de chagrin,\u00a0\u00bb son premier chef-d\u2019\u0153uvre, r\u00eavant d&rsquo;un conte oriental \u00e0 la \u00ab\u00a0Mille et une nuits\u00a0\u00bb parisiennes. Ruin\u00e9, au bord du suicide, Rapha\u00ebl de Valentin ach\u00e8te une peau magique aux pouvoirs fatidiques. Chaque d\u00e9sir combl\u00e9 r\u00e9tr\u00e9cit la peau, symbolisant la vie. Rapha\u00ebl, s\u00e9duit par le luxe, la d\u00e9bauche, et la fr\u00e9n\u00e9sie de pouvoir, signe sa perte. Le public per\u00e7oit dans cette \u0153uvre une odeur de femmes et de mort, lui offrant un triomphe. Le texte int\u00e9gral et la pr\u00e9face contextualisent l&rsquo;\u0153uvre et l&rsquo;auteur.<\/p>\n","protected":false},"excerpt":{"rendered":"<div class=\"group w-full text-token-text-primary border-b border-black\/10 gizmo:border-0 dark:border-gray-900\/50 gizmo:dark:border-0 bg-gray-50 gizmo:bg-transparent dark:bg-[#444654] gizmo:dark:bg-transparent\" data-testid=\"conversation-turn-109\">\n<div class=\"p-4 gizmo:py-2 justify-center text-base md:gap-6 md:py-6 m-auto\">\n<div class=\"flex flex-1 gap-4 text-base mx-auto md:gap-6 gizmo:gap-3 gizmo:md:px-5 gizmo:lg:px-1 gizmo:xl:px-5 md:max-w-2xl lg:max-w-[38rem] gizmo:md:max-w-3xl gizmo:lg:max-w-[40rem] gizmo:xl:max-w-[48rem] xl:max-w-3xl }\">\n<div class=\"relative flex w-[calc(100%-50px)] flex-col gizmo:w-full lg:w-[calc(100%-115px)] agent-turn\">\n<div class=\"flex-col gap-1 md:gap-3\">\n<div class=\"flex flex-grow flex-col max-w-full gap-3 gizmo:gap-0\">\n<div class=\"min-h-[20px] text-message peer flex flex-col items-start gap-3 whitespace-pre-wrap break-words peer-[.text-message]:mt-5 overflow-x-auto\" data-message-author-role=\"assistant\" data-message-id=\"0aa13b6a-f7f8-497e-9e7e-5b9a82ba6a67\">\n<div class=\"markdown prose w-full break-words dark:prose-invert light\">\n<p>Balzac cr\u00e9e \u00ab\u00a0La Peau de chagrin,\u00a0\u00bb conte oriental parisien, o\u00f9 d\u00e9sirs combl\u00e9s r\u00e9tr\u00e9cissent la peau magique. Triomphe public.<\/p>\n<\/div>\n<\/div>\n<\/div>\n<\/div>\n<\/div>\n<\/div>\n<\/div>\n<\/div>\n","protected":false},"featured_media":19248,"comment_status":"open","ping_status":"closed","template":"","meta":{"inline_featured_image":false},"product_cat":[204,91],"product_tag":[],"class_list":{"0":"post-19236","1":"product","2":"type-product","3":"status-publish","4":"has-post-thumbnail","6":"product_cat-francais","7":"product_cat-developpement","8":"pa_auteurs-honore-de-balzac","10":"first","11":"instock","12":"shipping-taxable","13":"purchasable","14":"product-type-simple"},"_links":{"self":[{"href":"https:\/\/baralivres.ma\/index.php?rest_route=\/wp\/v2\/product\/19236","targetHints":{"allow":["GET"]}}],"collection":[{"href":"https:\/\/baralivres.ma\/index.php?rest_route=\/wp\/v2\/product"}],"about":[{"href":"https:\/\/baralivres.ma\/index.php?rest_route=\/wp\/v2\/types\/product"}],"replies":[{"embeddable":true,"href":"https:\/\/baralivres.ma\/index.php?rest_route=%2Fwp%2Fv2%2Fcomments&post=19236"}],"version-history":[{"count":1,"href":"https:\/\/baralivres.ma\/index.php?rest_route=\/wp\/v2\/product\/19236\/revisions"}],"predecessor-version":[{"id":19249,"href":"https:\/\/baralivres.ma\/index.php?rest_route=\/wp\/v2\/product\/19236\/revisions\/19249"}],"wp:featuredmedia":[{"embeddable":true,"href":"https:\/\/baralivres.ma\/index.php?rest_route=\/wp\/v2\/media\/19248"}],"wp:attachment":[{"href":"https:\/\/baralivres.ma\/index.php?rest_route=%2Fwp%2Fv2%2Fmedia&parent=19236"}],"wp:term":[{"taxonomy":"product_cat","embeddable":true,"href":"https:\/\/baralivres.ma\/index.php?rest_route=%2Fwp%2Fv2%2Fproduct_cat&post=19236"},{"taxonomy":"product_tag","embeddable":true,"href":"https:\/\/baralivres.ma\/index.php?rest_route=%2Fwp%2Fv2%2Fproduct_tag&post=19236"}],"curies":[{"name":"wp","href":"https:\/\/api.w.org\/{rel}","templated":true}]}}