{"id":19207,"date":"2023-11-10T12:27:59","date_gmt":"2023-11-10T11:27:59","guid":{"rendered":"https:\/\/baralivres.ma\/?post_type=product&#038;p=19207"},"modified":"2023-11-10T12:28:00","modified_gmt":"2023-11-10T11:28:00","slug":"eugenie-grandet","status":"publish","type":"product","link":"https:\/\/baralivres.ma\/?product=eugenie-grandet","title":{"rendered":"Eug\u00e9nie Grandet"},"content":{"rendered":"<p>Pierre-Louis Rey, professeur \u00e0 la Sorbonne Nouvelle, pr\u00e9sente et commente l&rsquo;\u0153uvre \u00ab\u00a0Eug\u00e9nie Grandet\u00a0\u00bb de Balzac. Bien que Balzac ait initialement consid\u00e9r\u00e9 cette \u0153uvre comme une simple \u00ab\u00a0bonne petite nouvelle facile \u00e0 vendre\u00a0\u00bb, la post\u00e9rit\u00e9 lui a r\u00e9serv\u00e9 une place parmi les chefs-d&rsquo;\u0153uvre, le pla\u00e7ant au niveau de Moli\u00e8re.<\/p>\n<p>Le p\u00e8re Grandet incarne l&rsquo;avidit\u00e9 de son \u00e9poque, m\u00ealant avare, viticulteur, usurier, marchand de bois et promoteur immobilier, le qualifiant aujourd&rsquo;hui de milliardaire. Son obsession pour l&rsquo;argent stimule son intellect et son imagination, le rendant \u00e9tranger \u00e0 Eug\u00e9nie, sa fille bien-aim\u00e9e qu&rsquo;il ignore. Au sein de la maison Grandet, d\u00e9lib\u00e9r\u00e9ment d\u00e9nu\u00e9e, Eug\u00e9nie attend, solitaire \u00e0 sa fen\u00eatre, esp\u00e9rant un fianc\u00e9, un amour, une vie qui tardent \u00e0 venir. Le r\u00e9cit explore ainsi les intrications complexes de la cupidit\u00e9, de l&rsquo;isolement et des aspirations romantiques dans la France provinciale du XIXe si\u00e8cle.<\/p>\n","protected":false},"excerpt":{"rendered":"<p>\u00c9dition comment\u00e9e par Pierre-Louis Rey, professeur \u00e0 la Sorbonne Nouvelle, pr\u00e9sente \u00ab\u00a0Eug\u00e9nie Grandet\u00a0\u00bb de Balzac. Le p\u00e8re Grandet, avide, complexe, isole sa fille, attendant un amour incertain.<\/p>\n","protected":false},"featured_media":19211,"comment_status":"open","ping_status":"closed","template":"","meta":{"inline_featured_image":false},"product_cat":[204,91],"product_tag":[],"class_list":{"0":"post-19207","1":"product","2":"type-product","3":"status-publish","4":"has-post-thumbnail","6":"product_cat-francais","7":"product_cat-developpement","8":"pa_auteurs-honore-de-balzac","10":"first","11":"instock","12":"shipping-taxable","13":"purchasable","14":"product-type-simple"},"_links":{"self":[{"href":"https:\/\/baralivres.ma\/index.php?rest_route=\/wp\/v2\/product\/19207","targetHints":{"allow":["GET"]}}],"collection":[{"href":"https:\/\/baralivres.ma\/index.php?rest_route=\/wp\/v2\/product"}],"about":[{"href":"https:\/\/baralivres.ma\/index.php?rest_route=\/wp\/v2\/types\/product"}],"replies":[{"embeddable":true,"href":"https:\/\/baralivres.ma\/index.php?rest_route=%2Fwp%2Fv2%2Fcomments&post=19207"}],"version-history":[{"count":1,"href":"https:\/\/baralivres.ma\/index.php?rest_route=\/wp\/v2\/product\/19207\/revisions"}],"predecessor-version":[{"id":19212,"href":"https:\/\/baralivres.ma\/index.php?rest_route=\/wp\/v2\/product\/19207\/revisions\/19212"}],"wp:featuredmedia":[{"embeddable":true,"href":"https:\/\/baralivres.ma\/index.php?rest_route=\/wp\/v2\/media\/19211"}],"wp:attachment":[{"href":"https:\/\/baralivres.ma\/index.php?rest_route=%2Fwp%2Fv2%2Fmedia&parent=19207"}],"wp:term":[{"taxonomy":"product_cat","embeddable":true,"href":"https:\/\/baralivres.ma\/index.php?rest_route=%2Fwp%2Fv2%2Fproduct_cat&post=19207"},{"taxonomy":"product_tag","embeddable":true,"href":"https:\/\/baralivres.ma\/index.php?rest_route=%2Fwp%2Fv2%2Fproduct_tag&post=19207"}],"curies":[{"name":"wp","href":"https:\/\/api.w.org\/{rel}","templated":true}]}}