{"id":19206,"date":"2023-11-10T12:24:03","date_gmt":"2023-11-10T11:24:03","guid":{"rendered":"https:\/\/baralivres.ma\/?post_type=product&#038;p=19206"},"modified":"2023-11-10T17:00:09","modified_gmt":"2023-11-10T16:00:09","slug":"hunger-games-tome-1-hunger-games-tome-1","status":"publish","type":"product","link":"https:\/\/baralivres.ma\/?product=hunger-games-tome-1-hunger-games-tome-1","title":{"rendered":"Hunger Games &#8211; Tome 1 : Hunger Games &#8211; tome 1"},"content":{"rendered":"<p>Peeta et Katniss, tir\u00e9s au sort, participent aux Hunger Games : 24 candidats, un seul survivant, sous cam\u00e9ras.<\/p>\n<p>Dans un futur sombre, un jeu t\u00e9l\u00e9vis\u00e9 brutal \u00e9merge pour contr\u00f4ler la population. Douze gar\u00e7ons et douze filles, s\u00e9lectionn\u00e9s par tirage au sort, entrent dans cette sinistre t\u00e9l\u00e9r\u00e9alit\u00e9. Le monde entier est contraint de les regarder en direct, avec une r\u00e8gle simple dans l&rsquo;ar\u00e8ne : survivre \u00e0 tout prix. Quand la s\u0153ur de Katniss est choisie, elle prend sa place, consciente du danger. \u00c0 seize ans, Katniss, habitu\u00e9e \u00e0 affronter la mort, consid\u00e8re la survie comme une seconde nature.<\/p>\n","protected":false},"excerpt":{"rendered":"<p>Peeta et Katniss aux Hunger Games, t\u00e9l\u00e9r\u00e9alit\u00e9 sinistre, 24 candidats, une r\u00e8gle : survivre, sous cam\u00e9ras.<\/p>\n","protected":false},"featured_media":19208,"comment_status":"open","ping_status":"closed","template":"","meta":{"inline_featured_image":false},"product_cat":[204,199],"product_tag":[],"class_list":{"0":"post-19206","1":"product","2":"type-product","3":"status-publish","4":"has-post-thumbnail","6":"product_cat-francais","7":"product_cat-histoires","8":"pa_auteurs-suzanne-collins","10":"first","11":"instock","12":"shipping-taxable","13":"purchasable","14":"product-type-simple"},"_links":{"self":[{"href":"https:\/\/baralivres.ma\/index.php?rest_route=\/wp\/v2\/product\/19206","targetHints":{"allow":["GET"]}}],"collection":[{"href":"https:\/\/baralivres.ma\/index.php?rest_route=\/wp\/v2\/product"}],"about":[{"href":"https:\/\/baralivres.ma\/index.php?rest_route=\/wp\/v2\/types\/product"}],"replies":[{"embeddable":true,"href":"https:\/\/baralivres.ma\/index.php?rest_route=%2Fwp%2Fv2%2Fcomments&post=19206"}],"version-history":[{"count":1,"href":"https:\/\/baralivres.ma\/index.php?rest_route=\/wp\/v2\/product\/19206\/revisions"}],"predecessor-version":[{"id":19209,"href":"https:\/\/baralivres.ma\/index.php?rest_route=\/wp\/v2\/product\/19206\/revisions\/19209"}],"wp:featuredmedia":[{"embeddable":true,"href":"https:\/\/baralivres.ma\/index.php?rest_route=\/wp\/v2\/media\/19208"}],"wp:attachment":[{"href":"https:\/\/baralivres.ma\/index.php?rest_route=%2Fwp%2Fv2%2Fmedia&parent=19206"}],"wp:term":[{"taxonomy":"product_cat","embeddable":true,"href":"https:\/\/baralivres.ma\/index.php?rest_route=%2Fwp%2Fv2%2Fproduct_cat&post=19206"},{"taxonomy":"product_tag","embeddable":true,"href":"https:\/\/baralivres.ma\/index.php?rest_route=%2Fwp%2Fv2%2Fproduct_tag&post=19206"}],"curies":[{"name":"wp","href":"https:\/\/api.w.org\/{rel}","templated":true}]}}