{"id":19168,"date":"2023-11-10T11:46:44","date_gmt":"2023-11-10T10:46:44","guid":{"rendered":"https:\/\/baralivres.ma\/?post_type=product&#038;p=19168"},"modified":"2025-04-17T15:26:55","modified_gmt":"2025-04-17T14:26:55","slug":"romeo-et-juliette-2","status":"publish","type":"product","link":"https:\/\/baralivres.ma\/?product=romeo-et-juliette-2","title":{"rendered":"Rom\u00e9o et Juliette"},"content":{"rendered":"<div class=\"group w-full text-token-text-primary border-b border-black\/10 gizmo:border-0 dark:border-gray-900\/50 gizmo:dark:border-0 bg-gray-50 gizmo:bg-transparent dark:bg-[#444654] gizmo:dark:bg-transparent\" data-testid=\"conversation-turn-71\">\n<div class=\"p-4 gizmo:py-2 justify-center text-base md:gap-6 md:py-6 m-auto\">\n<div class=\"flex flex-1 gap-4 text-base mx-auto md:gap-6 gizmo:gap-3 gizmo:md:px-5 gizmo:lg:px-1 gizmo:xl:px-5 md:max-w-2xl lg:max-w-[38rem] gizmo:md:max-w-3xl gizmo:lg:max-w-[40rem] gizmo:xl:max-w-[48rem] xl:max-w-3xl }\">\n<div class=\"relative flex w-[calc(100%-50px)] flex-col gizmo:w-full lg:w-[calc(100%-115px)] agent-turn\">\n<div class=\"flex-col gap-1 md:gap-3\">\n<div class=\"flex flex-grow flex-col max-w-full gap-3 gizmo:gap-0\">\n<div class=\"min-h-[20px] text-message peer flex flex-col items-start gap-3 whitespace-pre-wrap break-words peer-[.text-message]:mt-5 overflow-x-auto\" data-message-author-role=\"assistant\" data-message-id=\"4f3c6ef3-664e-438c-b0ba-44ef4b925434\">\n<div class=\"markdown prose w-full break-words dark:prose-invert light\">\n<p>Dans ce drame du XVIIe si\u00e8cle, un couple d&rsquo;amoureux, n\u00e9s sous de mauvaises \u00e9toiles, est vou\u00e9 \u00e0 une trag\u00e9die in\u00e9vitable. Rien ne calmera la haine implacable entre leurs nobles familles. \u0152uvre adapt\u00e9e en ballet, op\u00e9ra, chanson et cin\u00e9ma, les enfants de V\u00e9rone ont conquis le monde. Les destins de Juliette et Rom\u00e9o sont scell\u00e9s par l&rsquo;innocence de l&rsquo;une et la fougue de l&rsquo;autre, accentu\u00e9s par la rivalit\u00e9 familiale et un destin cruel de hasards. Gr\u00e2ce au g\u00e9nie po\u00e9tique de Shakespeare, ils symbolisent la r\u00e9volte juv\u00e9nile contre la conformit\u00e9 et la sottise du monde adulte.<\/p>\n<\/div>\n<\/div>\n<\/div>\n<\/div>\n<\/div>\n<\/div>\n<\/div>\n<\/div>\n","protected":false},"excerpt":{"rendered":"<p>Amour maudit de Rom\u00e9o et Juliette, trag\u00e9die du XVIIe si\u00e8cle symbolisant la r\u00e9volte juv\u00e9nile contre l&rsquo;adulte.<\/p>\n","protected":false},"featured_media":19172,"comment_status":"open","ping_status":"closed","template":"","meta":{"inline_featured_image":false},"product_cat":[4097,4096,143],"product_tag":[],"class_list":{"0":"post-19168","1":"product","2":"type-product","3":"status-publish","4":"has-post-thumbnail","6":"product_cat-francais-les_romans_classique","7":"product_cat-les_romans_classique","8":"product_cat-roman","9":"pa_auteurs-william-shakespeare","11":"first","12":"instock","13":"shipping-taxable","14":"purchasable","15":"product-type-simple"},"_links":{"self":[{"href":"https:\/\/baralivres.ma\/index.php?rest_route=\/wp\/v2\/product\/19168","targetHints":{"allow":["GET"]}}],"collection":[{"href":"https:\/\/baralivres.ma\/index.php?rest_route=\/wp\/v2\/product"}],"about":[{"href":"https:\/\/baralivres.ma\/index.php?rest_route=\/wp\/v2\/types\/product"}],"replies":[{"embeddable":true,"href":"https:\/\/baralivres.ma\/index.php?rest_route=%2Fwp%2Fv2%2Fcomments&post=19168"}],"version-history":[{"count":1,"href":"https:\/\/baralivres.ma\/index.php?rest_route=\/wp\/v2\/product\/19168\/revisions"}],"predecessor-version":[{"id":19173,"href":"https:\/\/baralivres.ma\/index.php?rest_route=\/wp\/v2\/product\/19168\/revisions\/19173"}],"wp:featuredmedia":[{"embeddable":true,"href":"https:\/\/baralivres.ma\/index.php?rest_route=\/wp\/v2\/media\/19172"}],"wp:attachment":[{"href":"https:\/\/baralivres.ma\/index.php?rest_route=%2Fwp%2Fv2%2Fmedia&parent=19168"}],"wp:term":[{"taxonomy":"product_cat","embeddable":true,"href":"https:\/\/baralivres.ma\/index.php?rest_route=%2Fwp%2Fv2%2Fproduct_cat&post=19168"},{"taxonomy":"product_tag","embeddable":true,"href":"https:\/\/baralivres.ma\/index.php?rest_route=%2Fwp%2Fv2%2Fproduct_tag&post=19168"}],"curies":[{"name":"wp","href":"https:\/\/api.w.org\/{rel}","templated":true}]}}