{"id":19154,"date":"2023-11-10T11:38:35","date_gmt":"2023-11-10T10:38:35","guid":{"rendered":"https:\/\/baralivres.ma\/?post_type=product&#038;p=19154"},"modified":"2025-04-17T15:27:17","modified_gmt":"2025-04-17T14:27:17","slug":"le-bourgeois-gentilhomme-2","status":"publish","type":"product","link":"https:\/\/baralivres.ma\/?product=le-bourgeois-gentilhomme-2","title":{"rendered":"Le Bourgeois Gentilhomme"},"content":{"rendered":"<p>Monsieur Jourdain, personnage infortun\u00e9, est \u00e9gar\u00e9 par sa vanit\u00e9 absurde, sa pr\u00e9tention d\u00e9vorante et son snobisme. Ridiculis\u00e9 par ma\u00eetres d&rsquo;armes, de danse et de philosophie, il suscite le d\u00e9sespoir de sa femme. Affolant son entourage par ses d\u00e9guisements extravagants, il s&rsquo;\u00e9prend d&rsquo;une comtesse, refusant un pr\u00e9tendant charmant \u00e0 sa fille au profit du fantasme d&rsquo;un mariage avec le grand Turc.<\/p>\n<p>Le g\u00e9nie de Moli\u00e8re op\u00e8re un miracle en transformant cette com\u00e9die-ballet, \u00e9crite de mani\u00e8re spontan\u00e9e, en un chef-d&rsquo;\u0153uvre. Monsieur Jourdain, avec ses folies et ses excentricit\u00e9s, demeure une figure \u00e9ternellement vivante, d\u00e9peinte avec une ma\u00eetrise exceptionnelle par le dramaturge.<\/p>\n","protected":false},"excerpt":{"rendered":"<p>Monsieur Jourdain, infortun\u00e9 et vaniteux, se perd dans une com\u00e9die de pr\u00e9tentions ridicules, moqu\u00e9 par tous. Moli\u00e8re fait de cette farce une \u0153uvre immortelle.<\/p>\n","protected":false},"featured_media":19157,"comment_status":"open","ping_status":"closed","template":"","meta":{"inline_featured_image":false},"product_cat":[4097,4096],"product_tag":[],"class_list":{"0":"post-19154","1":"product","2":"type-product","3":"status-publish","4":"has-post-thumbnail","6":"product_cat-francais-les_romans_classique","7":"product_cat-les_romans_classique","8":"pa_auteurs-moliere-2","10":"first","11":"instock","12":"shipping-taxable","13":"purchasable","14":"product-type-simple"},"_links":{"self":[{"href":"https:\/\/baralivres.ma\/index.php?rest_route=\/wp\/v2\/product\/19154","targetHints":{"allow":["GET"]}}],"collection":[{"href":"https:\/\/baralivres.ma\/index.php?rest_route=\/wp\/v2\/product"}],"about":[{"href":"https:\/\/baralivres.ma\/index.php?rest_route=\/wp\/v2\/types\/product"}],"replies":[{"embeddable":true,"href":"https:\/\/baralivres.ma\/index.php?rest_route=%2Fwp%2Fv2%2Fcomments&post=19154"}],"version-history":[{"count":1,"href":"https:\/\/baralivres.ma\/index.php?rest_route=\/wp\/v2\/product\/19154\/revisions"}],"predecessor-version":[{"id":19158,"href":"https:\/\/baralivres.ma\/index.php?rest_route=\/wp\/v2\/product\/19154\/revisions\/19158"}],"wp:featuredmedia":[{"embeddable":true,"href":"https:\/\/baralivres.ma\/index.php?rest_route=\/wp\/v2\/media\/19157"}],"wp:attachment":[{"href":"https:\/\/baralivres.ma\/index.php?rest_route=%2Fwp%2Fv2%2Fmedia&parent=19154"}],"wp:term":[{"taxonomy":"product_cat","embeddable":true,"href":"https:\/\/baralivres.ma\/index.php?rest_route=%2Fwp%2Fv2%2Fproduct_cat&post=19154"},{"taxonomy":"product_tag","embeddable":true,"href":"https:\/\/baralivres.ma\/index.php?rest_route=%2Fwp%2Fv2%2Fproduct_tag&post=19154"}],"curies":[{"name":"wp","href":"https:\/\/api.w.org\/{rel}","templated":true}]}}