{"id":19089,"date":"2023-11-10T10:04:05","date_gmt":"2023-11-10T09:04:05","guid":{"rendered":"https:\/\/baralivres.ma\/?post_type=product&#038;p=19089"},"modified":"2025-04-17T15:29:39","modified_gmt":"2025-04-17T14:29:39","slug":"le-droit-de-tuer","status":"publish","type":"product","link":"https:\/\/baralivres.ma\/?product=le-droit-de-tuer","title":{"rendered":"Le Droit de tuer"},"content":{"rendered":"<p>\u00c0 Clanton, Mississippi, Tonya Hailey est victime d&rsquo;une agression brutale. Son p\u00e8re, Carl Lee, vengeur, tue les coupables. En plein Sud s\u00e9gr\u00e9gationniste, Jake, avocat blanc, le d\u00e9fend face au Ku Klux Klan, plongeant Clanton dans une spirale de haine. Pr\u00e9c\u00e9demment intitul\u00e9 \u00ab\u00a0Non coupable\u00a0\u00bb.<\/p>\n","protected":false},"excerpt":{"rendered":"<p>\u00c0 Clanton, Mississippi, Carl Lee venge viol de sa fille. Jake, avocat blanc, lutte contre racisme, haine.<\/p>\n","protected":false},"featured_media":19090,"comment_status":"open","ping_status":"closed","template":"","meta":{"inline_featured_image":false},"product_cat":[3873,143],"product_tag":[],"class_list":{"0":"post-19089","1":"product","2":"type-product","3":"status-publish","4":"has-post-thumbnail","6":"product_cat-roman-en-francais","7":"product_cat-roman","8":"pa_auteurs-john-grisham","10":"first","11":"instock","12":"shipping-taxable","13":"purchasable","14":"product-type-simple"},"_links":{"self":[{"href":"https:\/\/baralivres.ma\/index.php?rest_route=\/wp\/v2\/product\/19089","targetHints":{"allow":["GET"]}}],"collection":[{"href":"https:\/\/baralivres.ma\/index.php?rest_route=\/wp\/v2\/product"}],"about":[{"href":"https:\/\/baralivres.ma\/index.php?rest_route=\/wp\/v2\/types\/product"}],"replies":[{"embeddable":true,"href":"https:\/\/baralivres.ma\/index.php?rest_route=%2Fwp%2Fv2%2Fcomments&post=19089"}],"version-history":[{"count":1,"href":"https:\/\/baralivres.ma\/index.php?rest_route=\/wp\/v2\/product\/19089\/revisions"}],"predecessor-version":[{"id":19091,"href":"https:\/\/baralivres.ma\/index.php?rest_route=\/wp\/v2\/product\/19089\/revisions\/19091"}],"wp:featuredmedia":[{"embeddable":true,"href":"https:\/\/baralivres.ma\/index.php?rest_route=\/wp\/v2\/media\/19090"}],"wp:attachment":[{"href":"https:\/\/baralivres.ma\/index.php?rest_route=%2Fwp%2Fv2%2Fmedia&parent=19089"}],"wp:term":[{"taxonomy":"product_cat","embeddable":true,"href":"https:\/\/baralivres.ma\/index.php?rest_route=%2Fwp%2Fv2%2Fproduct_cat&post=19089"},{"taxonomy":"product_tag","embeddable":true,"href":"https:\/\/baralivres.ma\/index.php?rest_route=%2Fwp%2Fv2%2Fproduct_tag&post=19089"}],"curies":[{"name":"wp","href":"https:\/\/api.w.org\/{rel}","templated":true}]}}