{"id":19058,"date":"2023-11-10T01:54:21","date_gmt":"2023-11-10T00:54:21","guid":{"rendered":"https:\/\/baralivres.ma\/?post_type=product&#038;p=19058"},"modified":"2024-11-27T15:31:52","modified_gmt":"2024-11-27T14:31:52","slug":"lenfant-noir-2","status":"publish","type":"product","link":"https:\/\/baralivres.ma\/?product=lenfant-noir-2","title":{"rendered":"L&rsquo;enfant noir"},"content":{"rendered":"<p>Un ouvrage intemporel qui a solidement \u00e9tabli sa r\u00e9putation en tant que classique de notre \u00e9poque.<\/p>\n<p>Au c\u0153ur d&rsquo;un village de Haute-Guin\u00e9e, un enfant noir grandit dans un environnement o\u00f9 le surnaturel fait partie int\u00e9grante du quotidien. Son p\u00e8re, un habile forgeron, fa\u00e7onne l&rsquo;or en harmonie avec les m\u00e9lodies des griots et les incantations aux esprits du feu et du vent. Sa m\u00e8re, respect\u00e9e de tous, poss\u00e8de des pouvoirs myst\u00e9rieux sur les \u00eatres et les objets, capable de conjurer les sortil\u00e8ges et d&rsquo;\u00e9loigner les crocodiles du fleuve Niger.<\/p>\n<p>En tant qu&rsquo;a\u00een\u00e9 de la famille, le jeune gar\u00e7on est pr\u00e9destin\u00e9 \u00e0 suivre les traces de son p\u00e8re dans l&rsquo;atelier et \u00e0 maintenir l&rsquo;h\u00e9ritage de sa caste au sein de la communaut\u00e9. Cependant, son ardent d\u00e9sir d&rsquo;apprentissage le m\u00e8nera inexorablement vers d&rsquo;autres horizons, l&rsquo;\u00e9loignant des traditions et des coutumes de son peuple.<\/p>\n","protected":false},"excerpt":{"rendered":"<p>Un classique intemporel sur l&rsquo;enfance en Haute-Guin\u00e9e, entre merveilles, traditions et la soif d&rsquo;apprentissage d&rsquo;un gar\u00e7on.<\/p>\n","protected":false},"featured_media":19059,"comment_status":"open","ping_status":"closed","template":"","meta":{"inline_featured_image":false},"product_cat":[203,204],"product_tag":[],"class_list":{"0":"post-19058","1":"product","2":"type-product","3":"status-publish","4":"has-post-thumbnail","6":"product_cat-adolescente","7":"product_cat-francais","8":"pa_auteurs-camara-laye","10":"first","11":"instock","12":"shipping-taxable","13":"purchasable","14":"product-type-simple"},"_links":{"self":[{"href":"https:\/\/baralivres.ma\/index.php?rest_route=\/wp\/v2\/product\/19058","targetHints":{"allow":["GET"]}}],"collection":[{"href":"https:\/\/baralivres.ma\/index.php?rest_route=\/wp\/v2\/product"}],"about":[{"href":"https:\/\/baralivres.ma\/index.php?rest_route=\/wp\/v2\/types\/product"}],"replies":[{"embeddable":true,"href":"https:\/\/baralivres.ma\/index.php?rest_route=%2Fwp%2Fv2%2Fcomments&post=19058"}],"version-history":[{"count":1,"href":"https:\/\/baralivres.ma\/index.php?rest_route=\/wp\/v2\/product\/19058\/revisions"}],"predecessor-version":[{"id":19060,"href":"https:\/\/baralivres.ma\/index.php?rest_route=\/wp\/v2\/product\/19058\/revisions\/19060"}],"wp:featuredmedia":[{"embeddable":true,"href":"https:\/\/baralivres.ma\/index.php?rest_route=\/wp\/v2\/media\/19059"}],"wp:attachment":[{"href":"https:\/\/baralivres.ma\/index.php?rest_route=%2Fwp%2Fv2%2Fmedia&parent=19058"}],"wp:term":[{"taxonomy":"product_cat","embeddable":true,"href":"https:\/\/baralivres.ma\/index.php?rest_route=%2Fwp%2Fv2%2Fproduct_cat&post=19058"},{"taxonomy":"product_tag","embeddable":true,"href":"https:\/\/baralivres.ma\/index.php?rest_route=%2Fwp%2Fv2%2Fproduct_tag&post=19058"}],"curies":[{"name":"wp","href":"https:\/\/api.w.org\/{rel}","templated":true}]}}