{"id":19036,"date":"2023-11-10T00:45:36","date_gmt":"2023-11-09T23:45:36","guid":{"rendered":"https:\/\/baralivres.ma\/?post_type=product&#038;p=19036"},"modified":"2024-11-27T15:34:52","modified_gmt":"2024-11-27T14:34:52","slug":"dune-tome-3-les-enfants-de-dune","status":"publish","type":"product","link":"https:\/\/baralivres.ma\/?product=dune-tome-3-les-enfants-de-dune","title":{"rendered":"Dune &#8211; Tome 3 : Les Enfants de Dune"},"content":{"rendered":"<p>Dans des futurs lointains, les Atr\u00e9ides et les Harkonnen se livrent une lutte acharn\u00e9e pour le contr\u00f4le de l&rsquo;\u00e9pice sur la plan\u00e8te hostile de Dune, habit\u00e9e par les Fremens et des gigantesques vers attir\u00e9s par les moissonneuses. Pendant ce temps, les cruels Harkonnen intriguent aux c\u00f4t\u00e9s de l&#8217;empereur, tandis que Paul Atr\u00e9ides, le fils du duc Leto, semble \u00eatre le proph\u00e8te attendu par les Fremens.<\/p>\n<p>Sur Dune, la plan\u00e8te d\u00e9sertique, les proph\u00e9ties prennent vie : le d\u00e9sert se m\u00e9tamorphose en oasis. En cons\u00e9quence, les immenses vers deviennent rares, et l&rsquo;\u00c9pice de prescience devient rare. Tout ce qui subsiste de l&rsquo;\u00e9pop\u00e9e de Muad&rsquo;Dib, c&rsquo;est un empire conquis, des guerriers d\u00e9chus, des pr\u00eatres tent\u00e9s par la th\u00e9ocratie. Les jumeaux Leto et Ghanima portent en eux les souvenirs de nombreuses g\u00e9n\u00e9rations, peut-\u00eatre m\u00eame l&rsquo;antique Abomination crainte par les s\u0153urs du Bene Gesserit, pr\u00eate \u00e0 r\u00e9appara\u00eetre du pass\u00e9 g\u00e9n\u00e9tique pour plonger l&rsquo;univers dans le cauchemar. Les morts exercent leur influence sur les vivants. Leto devra affronter tous ces d\u00e9fis dans une bataille impitoyable o\u00f9 l&rsquo;enjeu va au-del\u00e0 de la prescience et de la long\u00e9vit\u00e9, visant au moins \u00e0 la toute-puissance, voire \u00e0 l&rsquo;immortalit\u00e9.<\/p>\n","protected":false},"excerpt":{"rendered":"<p>Sur Dune, Atr\u00e9ides et Harkonnen se disputent l&rsquo;\u00e9pice, Paul devient messie, proph\u00e9ties, combat pour l&rsquo;immortalit\u00e9.<\/p>\n","protected":false},"featured_media":19037,"comment_status":"open","ping_status":"closed","template":"","meta":{"inline_featured_image":false},"product_cat":[203,204],"product_tag":[],"class_list":{"0":"post-19036","1":"product","2":"type-product","3":"status-publish","4":"has-post-thumbnail","6":"product_cat-adolescente","7":"product_cat-francais","8":"pa_auteurs-frank-herbert","10":"first","11":"instock","12":"shipping-taxable","13":"purchasable","14":"product-type-simple"},"_links":{"self":[{"href":"https:\/\/baralivres.ma\/index.php?rest_route=\/wp\/v2\/product\/19036","targetHints":{"allow":["GET"]}}],"collection":[{"href":"https:\/\/baralivres.ma\/index.php?rest_route=\/wp\/v2\/product"}],"about":[{"href":"https:\/\/baralivres.ma\/index.php?rest_route=\/wp\/v2\/types\/product"}],"replies":[{"embeddable":true,"href":"https:\/\/baralivres.ma\/index.php?rest_route=%2Fwp%2Fv2%2Fcomments&post=19036"}],"version-history":[{"count":1,"href":"https:\/\/baralivres.ma\/index.php?rest_route=\/wp\/v2\/product\/19036\/revisions"}],"predecessor-version":[{"id":19038,"href":"https:\/\/baralivres.ma\/index.php?rest_route=\/wp\/v2\/product\/19036\/revisions\/19038"}],"wp:featuredmedia":[{"embeddable":true,"href":"https:\/\/baralivres.ma\/index.php?rest_route=\/wp\/v2\/media\/19037"}],"wp:attachment":[{"href":"https:\/\/baralivres.ma\/index.php?rest_route=%2Fwp%2Fv2%2Fmedia&parent=19036"}],"wp:term":[{"taxonomy":"product_cat","embeddable":true,"href":"https:\/\/baralivres.ma\/index.php?rest_route=%2Fwp%2Fv2%2Fproduct_cat&post=19036"},{"taxonomy":"product_tag","embeddable":true,"href":"https:\/\/baralivres.ma\/index.php?rest_route=%2Fwp%2Fv2%2Fproduct_tag&post=19036"}],"curies":[{"name":"wp","href":"https:\/\/api.w.org\/{rel}","templated":true}]}}