{"id":19006,"date":"2023-11-08T22:58:05","date_gmt":"2023-11-08T21:58:05","guid":{"rendered":"https:\/\/baralivres.ma\/?post_type=product&#038;p=19006"},"modified":"2023-11-08T22:58:05","modified_gmt":"2023-11-08T21:58:05","slug":"divergente-tome-3-au-dela-du-mur","status":"publish","type":"product","link":"https:\/\/baralivres.ma\/?product=divergente-tome-3-au-dela-du-mur","title":{"rendered":"Divergente &#8211; Tome 3 : Au-del\u00e0 du mur"},"content":{"rendered":"<p>Distincte. R\u00e9solue. Mena\u00e7ante. DIVERGENTE Les factions ont c\u00e9d\u00e9 la place \u00e0 un nouveau r\u00e9gime dictatorial. Tris et ses compagnons r\u00e9sistent \u00e0 l&rsquo;assujettissement. Leur seule option : prendre la fuite. Cependant, qu&rsquo;est-ce qui les attend de l&rsquo;autre c\u00f4t\u00e9 de la barri\u00e8re ? Et si la r\u00e9alit\u00e9 \u00e9tait en fait bas\u00e9e sur des tromperies ?<\/p>\n","protected":false},"excerpt":{"rendered":"<p>Apr\u00e8s la chute des factions, Tris s&rsquo;\u00e9chappe d&rsquo;une dictature pour d\u00e9couvrir la v\u00e9rit\u00e9 cach\u00e9e derri\u00e8re les mensonges.<\/p>\n","protected":false},"featured_media":19007,"comment_status":"open","ping_status":"closed","template":"","meta":{"inline_featured_image":false},"product_cat":[204,199],"product_tag":[],"class_list":{"0":"post-19006","1":"product","2":"type-product","3":"status-publish","4":"has-post-thumbnail","6":"product_cat-francais","7":"product_cat-histoires","8":"pa_auteurs-veronica-roth","10":"first","11":"instock","12":"shipping-taxable","13":"purchasable","14":"product-type-simple"},"_links":{"self":[{"href":"https:\/\/baralivres.ma\/index.php?rest_route=\/wp\/v2\/product\/19006","targetHints":{"allow":["GET"]}}],"collection":[{"href":"https:\/\/baralivres.ma\/index.php?rest_route=\/wp\/v2\/product"}],"about":[{"href":"https:\/\/baralivres.ma\/index.php?rest_route=\/wp\/v2\/types\/product"}],"replies":[{"embeddable":true,"href":"https:\/\/baralivres.ma\/index.php?rest_route=%2Fwp%2Fv2%2Fcomments&post=19006"}],"version-history":[{"count":1,"href":"https:\/\/baralivres.ma\/index.php?rest_route=\/wp\/v2\/product\/19006\/revisions"}],"predecessor-version":[{"id":19008,"href":"https:\/\/baralivres.ma\/index.php?rest_route=\/wp\/v2\/product\/19006\/revisions\/19008"}],"wp:featuredmedia":[{"embeddable":true,"href":"https:\/\/baralivres.ma\/index.php?rest_route=\/wp\/v2\/media\/19007"}],"wp:attachment":[{"href":"https:\/\/baralivres.ma\/index.php?rest_route=%2Fwp%2Fv2%2Fmedia&parent=19006"}],"wp:term":[{"taxonomy":"product_cat","embeddable":true,"href":"https:\/\/baralivres.ma\/index.php?rest_route=%2Fwp%2Fv2%2Fproduct_cat&post=19006"},{"taxonomy":"product_tag","embeddable":true,"href":"https:\/\/baralivres.ma\/index.php?rest_route=%2Fwp%2Fv2%2Fproduct_tag&post=19006"}],"curies":[{"name":"wp","href":"https:\/\/api.w.org\/{rel}","templated":true}]}}