{"id":18999,"date":"2023-11-08T22:44:12","date_gmt":"2023-11-08T21:44:12","guid":{"rendered":"https:\/\/baralivres.ma\/?post_type=product&#038;p=18999"},"modified":"2023-11-08T22:44:12","modified_gmt":"2023-11-08T21:44:12","slug":"divergente-tome-1","status":"publish","type":"product","link":"https:\/\/baralivres.ma\/?product=divergente-tome-1","title":{"rendered":"Divergente &#8211; Tome 1"},"content":{"rendered":"<p>Distincte. R\u00e9solue. Mena\u00e7ante. DIVERGENTE Tris \u00e9volue au sein d&rsquo;une r\u00e9alit\u00e9 post-apocalyptique o\u00f9 la soci\u00e9t\u00e9 se trouve fragment\u00e9e en cinq factions. Lorsqu&rsquo;elle atteint l&rsquo;\u00e2ge de 16 ans, elle doit opter pour une faction qui d\u00e9terminera sa destin\u00e9e. Dans une rare anomalie, son \u00e9valuation de comp\u00e9tences ne livre pas de conclusion claire. Elle est une divergente. Ce myst\u00e8re peut la prot\u00e9ger&#8230; ou la condamner.<\/p>\n","protected":false},"excerpt":{"rendered":"<p>Tris, divergente, d\u00e9fie la division factionnelle dans un monde post-apocalyptique pour sauver sa vie et sa soci\u00e9t\u00e9.<\/p>\n","protected":false},"featured_media":19000,"comment_status":"open","ping_status":"closed","template":"","meta":{"inline_featured_image":false},"product_cat":[204,199],"product_tag":[],"class_list":{"0":"post-18999","1":"product","2":"type-product","3":"status-publish","4":"has-post-thumbnail","6":"product_cat-francais","7":"product_cat-histoires","8":"pa_auteurs-veronica-roth","10":"first","11":"instock","12":"shipping-taxable","13":"purchasable","14":"product-type-simple"},"_links":{"self":[{"href":"https:\/\/baralivres.ma\/index.php?rest_route=\/wp\/v2\/product\/18999","targetHints":{"allow":["GET"]}}],"collection":[{"href":"https:\/\/baralivres.ma\/index.php?rest_route=\/wp\/v2\/product"}],"about":[{"href":"https:\/\/baralivres.ma\/index.php?rest_route=\/wp\/v2\/types\/product"}],"replies":[{"embeddable":true,"href":"https:\/\/baralivres.ma\/index.php?rest_route=%2Fwp%2Fv2%2Fcomments&post=18999"}],"version-history":[{"count":2,"href":"https:\/\/baralivres.ma\/index.php?rest_route=\/wp\/v2\/product\/18999\/revisions"}],"predecessor-version":[{"id":19002,"href":"https:\/\/baralivres.ma\/index.php?rest_route=\/wp\/v2\/product\/18999\/revisions\/19002"}],"wp:featuredmedia":[{"embeddable":true,"href":"https:\/\/baralivres.ma\/index.php?rest_route=\/wp\/v2\/media\/19000"}],"wp:attachment":[{"href":"https:\/\/baralivres.ma\/index.php?rest_route=%2Fwp%2Fv2%2Fmedia&parent=18999"}],"wp:term":[{"taxonomy":"product_cat","embeddable":true,"href":"https:\/\/baralivres.ma\/index.php?rest_route=%2Fwp%2Fv2%2Fproduct_cat&post=18999"},{"taxonomy":"product_tag","embeddable":true,"href":"https:\/\/baralivres.ma\/index.php?rest_route=%2Fwp%2Fv2%2Fproduct_tag&post=18999"}],"curies":[{"name":"wp","href":"https:\/\/api.w.org\/{rel}","templated":true}]}}