{"id":18946,"date":"2023-11-08T20:44:18","date_gmt":"2023-11-08T19:44:18","guid":{"rendered":"https:\/\/baralivres.ma\/?post_type=product&#038;p=18946"},"modified":"2024-11-27T15:36:32","modified_gmt":"2024-11-27T14:36:32","slug":"cupcake-girls-tome-15-meme-pas-peur","status":"publish","type":"product","link":"https:\/\/baralivres.ma\/?product=cupcake-girls-tome-15-meme-pas-peur","title":{"rendered":"Cupcake Girls &#8211; tome 15 : M\u00eame pas peur"},"content":{"rendered":"<p>Emma se trouve dans une situation d\u00e9licate. Son petit fr\u00e8re, Jake, doit subir une op\u00e9ration des amygdales, mais sa grande peur l&rsquo;a rendu difficile \u00e0 vivre. Il a m\u00eame insist\u00e9 pour qu&rsquo;Emma l&rsquo;accompagne le jour de l&rsquo;op\u00e9ration. Cependant, il y a un obstacle : Emma \u00e9prouve une aversion profonde pour les h\u00f4pitaux. Saura-t-elle surmonter sa peur pour soutenir son petit fr\u00e8re dans cette \u00e9preuve ?<\/p>\n","protected":false},"excerpt":{"rendered":"<p>Emma doit surmonter sa peur des h\u00f4pitaux pour accompagner son effray\u00e9 petit fr\u00e8re lors de son op\u00e9ration.<\/p>\n","protected":false},"featured_media":18947,"comment_status":"open","ping_status":"closed","template":"","meta":{"inline_featured_image":false},"product_cat":[203,204],"product_tag":[],"class_list":{"0":"post-18946","1":"product","2":"type-product","3":"status-publish","4":"has-post-thumbnail","6":"product_cat-adolescente","7":"product_cat-francais","8":"pa_auteurs-coco-simon","10":"first","11":"instock","12":"shipping-taxable","13":"purchasable","14":"product-type-simple"},"_links":{"self":[{"href":"https:\/\/baralivres.ma\/index.php?rest_route=\/wp\/v2\/product\/18946","targetHints":{"allow":["GET"]}}],"collection":[{"href":"https:\/\/baralivres.ma\/index.php?rest_route=\/wp\/v2\/product"}],"about":[{"href":"https:\/\/baralivres.ma\/index.php?rest_route=\/wp\/v2\/types\/product"}],"replies":[{"embeddable":true,"href":"https:\/\/baralivres.ma\/index.php?rest_route=%2Fwp%2Fv2%2Fcomments&post=18946"}],"version-history":[{"count":1,"href":"https:\/\/baralivres.ma\/index.php?rest_route=\/wp\/v2\/product\/18946\/revisions"}],"predecessor-version":[{"id":18948,"href":"https:\/\/baralivres.ma\/index.php?rest_route=\/wp\/v2\/product\/18946\/revisions\/18948"}],"wp:featuredmedia":[{"embeddable":true,"href":"https:\/\/baralivres.ma\/index.php?rest_route=\/wp\/v2\/media\/18947"}],"wp:attachment":[{"href":"https:\/\/baralivres.ma\/index.php?rest_route=%2Fwp%2Fv2%2Fmedia&parent=18946"}],"wp:term":[{"taxonomy":"product_cat","embeddable":true,"href":"https:\/\/baralivres.ma\/index.php?rest_route=%2Fwp%2Fv2%2Fproduct_cat&post=18946"},{"taxonomy":"product_tag","embeddable":true,"href":"https:\/\/baralivres.ma\/index.php?rest_route=%2Fwp%2Fv2%2Fproduct_tag&post=18946"}],"curies":[{"name":"wp","href":"https:\/\/api.w.org\/{rel}","templated":true}]}}