{"id":18939,"date":"2023-11-08T20:36:16","date_gmt":"2023-11-08T19:36:16","guid":{"rendered":"https:\/\/baralivres.ma\/?post_type=product&#038;p=18939"},"modified":"2024-11-27T15:37:23","modified_gmt":"2024-11-27T14:37:23","slug":"cupcake-girls-tome-13-quoi-de-neuf-katie","status":"publish","type":"product","link":"https:\/\/baralivres.ma\/?product=cupcake-girls-tome-13-quoi-de-neuf-katie","title":{"rendered":"Cupcake Girls &#8211; tome 13 : Quoi de neuf, Katie ?"},"content":{"rendered":"<p>Une g\u00e9n\u00e9reuse portion d&rsquo;amiti\u00e9, une double portion d&rsquo;humour, une touche de d\u00e9fis, une profusion de d\u00e9lices sucr\u00e9s pour les h\u00e9ro\u00efnes de Cupcake Girls, une s\u00e9rie irr\u00e9sistible ! La vie de Katie prend un tournant inattendu. Sa m\u00e8re entame une nouvelle relation, son p\u00e8re r\u00e9appara\u00eet apr\u00e8s des ann\u00e9es d&rsquo;absence, et pour couronner le tout, ses amies du Cupcake Club envisagent de modifier leur recette embl\u00e9matique. Pour Katie, c&rsquo;est la goutte de trop&#8230; Peut-\u00eatre que l&rsquo;avenir r\u00e9serve des opportunit\u00e9s inattendues ?<\/p>\n","protected":false},"excerpt":{"rendered":"<p>Amiti\u00e9, humour, d\u00e9fis, d\u00e9lices, bouleversements dans la vie de Katie, le Cupcake Club, et de nouveaux d\u00e9parts.<\/p>\n","protected":false},"featured_media":18940,"comment_status":"open","ping_status":"closed","template":"","meta":{"inline_featured_image":false},"product_cat":[203,204],"product_tag":[],"class_list":{"0":"post-18939","1":"product","2":"type-product","3":"status-publish","4":"has-post-thumbnail","6":"product_cat-adolescente","7":"product_cat-francais","8":"pa_auteurs-coco-simon","10":"first","11":"instock","12":"shipping-taxable","13":"purchasable","14":"product-type-simple"},"_links":{"self":[{"href":"https:\/\/baralivres.ma\/index.php?rest_route=\/wp\/v2\/product\/18939","targetHints":{"allow":["GET"]}}],"collection":[{"href":"https:\/\/baralivres.ma\/index.php?rest_route=\/wp\/v2\/product"}],"about":[{"href":"https:\/\/baralivres.ma\/index.php?rest_route=\/wp\/v2\/types\/product"}],"replies":[{"embeddable":true,"href":"https:\/\/baralivres.ma\/index.php?rest_route=%2Fwp%2Fv2%2Fcomments&post=18939"}],"version-history":[{"count":2,"href":"https:\/\/baralivres.ma\/index.php?rest_route=\/wp\/v2\/product\/18939\/revisions"}],"predecessor-version":[{"id":18942,"href":"https:\/\/baralivres.ma\/index.php?rest_route=\/wp\/v2\/product\/18939\/revisions\/18942"}],"wp:featuredmedia":[{"embeddable":true,"href":"https:\/\/baralivres.ma\/index.php?rest_route=\/wp\/v2\/media\/18940"}],"wp:attachment":[{"href":"https:\/\/baralivres.ma\/index.php?rest_route=%2Fwp%2Fv2%2Fmedia&parent=18939"}],"wp:term":[{"taxonomy":"product_cat","embeddable":true,"href":"https:\/\/baralivres.ma\/index.php?rest_route=%2Fwp%2Fv2%2Fproduct_cat&post=18939"},{"taxonomy":"product_tag","embeddable":true,"href":"https:\/\/baralivres.ma\/index.php?rest_route=%2Fwp%2Fv2%2Fproduct_tag&post=18939"}],"curies":[{"name":"wp","href":"https:\/\/api.w.org\/{rel}","templated":true}]}}