{"id":18930,"date":"2023-11-08T20:31:21","date_gmt":"2023-11-08T19:31:21","guid":{"rendered":"https:\/\/baralivres.ma\/?post_type=product&#038;p=18930"},"modified":"2024-11-27T15:38:14","modified_gmt":"2024-11-27T14:38:14","slug":"cupcake-girls-tome-09-la-guerre-des-cupcakes","status":"publish","type":"product","link":"https:\/\/baralivres.ma\/?product=cupcake-girls-tome-09-la-guerre-des-cupcakes","title":{"rendered":"Cupcake Girls &#8211; tome 09 : La guerre des cupcakes"},"content":{"rendered":"<p>Une g\u00e9n\u00e9reuse portion d&rsquo;amiti\u00e9, une double dose d&rsquo;humour, une touche de tracas, une profusion de cupcakes d\u00e9licieux&#8230; bienvenue dans l&rsquo;univers savoureux des Cupcake Girls ! Katie est absolument ravie : Lucie, la terreur du coll\u00e8ge, s&rsquo;en va enfin, annon\u00e7ant des jours plus agr\u00e9ables. Cependant, la cheffe du Club des Branch\u00e9es est rapidement remplac\u00e9e par Clara, la rivale de Katie, qui propose son talent en p\u00e2tisserie pour la kermesse de l&rsquo;\u00e9cole. La bataille des cupcakes est officiellement lanc\u00e9e !<\/p>\n","protected":false},"excerpt":{"rendered":"<p>Amiti\u00e9, humour, probl\u00e8mes et comp\u00e9tition gourmande animent la vie des Cupcake Girls, malgr\u00e9 les changements.<\/p>\n","protected":false},"featured_media":18932,"comment_status":"open","ping_status":"closed","template":"","meta":{"inline_featured_image":false},"product_cat":[203,204],"product_tag":[],"class_list":{"0":"post-18930","1":"product","2":"type-product","3":"status-publish","4":"has-post-thumbnail","6":"product_cat-adolescente","7":"product_cat-francais","8":"pa_auteurs-coco-simon","10":"first","11":"instock","12":"shipping-taxable","13":"purchasable","14":"product-type-simple"},"_links":{"self":[{"href":"https:\/\/baralivres.ma\/index.php?rest_route=\/wp\/v2\/product\/18930","targetHints":{"allow":["GET"]}}],"collection":[{"href":"https:\/\/baralivres.ma\/index.php?rest_route=\/wp\/v2\/product"}],"about":[{"href":"https:\/\/baralivres.ma\/index.php?rest_route=\/wp\/v2\/types\/product"}],"replies":[{"embeddable":true,"href":"https:\/\/baralivres.ma\/index.php?rest_route=%2Fwp%2Fv2%2Fcomments&post=18930"}],"version-history":[{"count":2,"href":"https:\/\/baralivres.ma\/index.php?rest_route=\/wp\/v2\/product\/18930\/revisions"}],"predecessor-version":[{"id":18934,"href":"https:\/\/baralivres.ma\/index.php?rest_route=\/wp\/v2\/product\/18930\/revisions\/18934"}],"wp:featuredmedia":[{"embeddable":true,"href":"https:\/\/baralivres.ma\/index.php?rest_route=\/wp\/v2\/media\/18932"}],"wp:attachment":[{"href":"https:\/\/baralivres.ma\/index.php?rest_route=%2Fwp%2Fv2%2Fmedia&parent=18930"}],"wp:term":[{"taxonomy":"product_cat","embeddable":true,"href":"https:\/\/baralivres.ma\/index.php?rest_route=%2Fwp%2Fv2%2Fproduct_cat&post=18930"},{"taxonomy":"product_tag","embeddable":true,"href":"https:\/\/baralivres.ma\/index.php?rest_route=%2Fwp%2Fv2%2Fproduct_tag&post=18930"}],"curies":[{"name":"wp","href":"https:\/\/api.w.org\/{rel}","templated":true}]}}