{"id":18909,"date":"2023-11-08T19:46:28","date_gmt":"2023-11-08T18:46:28","guid":{"rendered":"https:\/\/baralivres.ma\/?post_type=product&#038;p=18909"},"modified":"2024-11-27T15:39:44","modified_gmt":"2024-11-27T14:39:44","slug":"cupcake-girls-tome-03-sucre-sale","status":"publish","type":"product","link":"https:\/\/baralivres.ma\/?product=cupcake-girls-tome-03-sucre-sale","title":{"rendered":"Cupcake Girls &#8211; tome 03 : Sucr\u00e9 Sal\u00e9"},"content":{"rendered":"<p>En m\u00e9langeant une g\u00e9n\u00e9reuse portion d&rsquo;amiti\u00e9, deux cuiller\u00e9es d&rsquo;humour, une touche de dilemmes, une abondance de p\u00e2tisseries, vous obtiendrez la d\u00e9licieuse s\u00e9rie qu&rsquo;est Cupcake Girls ! La m\u00e8re de Mia se pr\u00e9pare \u00e0 se marier, et les filles du Cupcake Club ont l&rsquo;honneur d&rsquo;\u00eatre ses demoiselles d&rsquo;honneur. Cependant, un obstacle se dresse : les robes sont co\u00fbteuses, et Emma est \u00e0 court d&rsquo;argent de poche. Pas de soucis ! Emma encha\u00eene les petits boulots, jonglant entre le babysitting, les cours de fl\u00fbte, le Cupcake Club, et les d\u00e9fis de l&rsquo;adolescence \u00e0 temps plein. La question qui se pose est de savoir si Emma pourra maintenir le rythme.<\/p>\n","protected":false},"excerpt":{"rendered":"<p>Mia&rsquo;s mom&rsquo;s wedding, Cupcake Club&rsquo;s girls as bridesmaids, Emma&rsquo;s money struggles, part-time jobs, teenage life balance.<\/p>\n","protected":false},"featured_media":18911,"comment_status":"open","ping_status":"closed","template":"","meta":{"inline_featured_image":false},"product_cat":[203,204],"product_tag":[],"class_list":{"0":"post-18909","1":"product","2":"type-product","3":"status-publish","4":"has-post-thumbnail","6":"product_cat-adolescente","7":"product_cat-francais","8":"pa_auteurs-coco-simon","10":"first","11":"instock","12":"shipping-taxable","13":"purchasable","14":"product-type-simple"},"_links":{"self":[{"href":"https:\/\/baralivres.ma\/index.php?rest_route=\/wp\/v2\/product\/18909","targetHints":{"allow":["GET"]}}],"collection":[{"href":"https:\/\/baralivres.ma\/index.php?rest_route=\/wp\/v2\/product"}],"about":[{"href":"https:\/\/baralivres.ma\/index.php?rest_route=\/wp\/v2\/types\/product"}],"replies":[{"embeddable":true,"href":"https:\/\/baralivres.ma\/index.php?rest_route=%2Fwp%2Fv2%2Fcomments&post=18909"}],"version-history":[{"count":1,"href":"https:\/\/baralivres.ma\/index.php?rest_route=\/wp\/v2\/product\/18909\/revisions"}],"predecessor-version":[{"id":18912,"href":"https:\/\/baralivres.ma\/index.php?rest_route=\/wp\/v2\/product\/18909\/revisions\/18912"}],"wp:featuredmedia":[{"embeddable":true,"href":"https:\/\/baralivres.ma\/index.php?rest_route=\/wp\/v2\/media\/18911"}],"wp:attachment":[{"href":"https:\/\/baralivres.ma\/index.php?rest_route=%2Fwp%2Fv2%2Fmedia&parent=18909"}],"wp:term":[{"taxonomy":"product_cat","embeddable":true,"href":"https:\/\/baralivres.ma\/index.php?rest_route=%2Fwp%2Fv2%2Fproduct_cat&post=18909"},{"taxonomy":"product_tag","embeddable":true,"href":"https:\/\/baralivres.ma\/index.php?rest_route=%2Fwp%2Fv2%2Fproduct_tag&post=18909"}],"curies":[{"name":"wp","href":"https:\/\/api.w.org\/{rel}","templated":true}]}}