{"id":18905,"date":"2023-11-08T19:43:41","date_gmt":"2023-11-08T18:43:41","guid":{"rendered":"https:\/\/baralivres.ma\/?post_type=product&#038;p=18905"},"modified":"2024-11-27T15:40:07","modified_gmt":"2024-11-27T14:40:07","slug":"cupcake-girls-tome-02-la-reine-de-la-mode","status":"publish","type":"product","link":"https:\/\/baralivres.ma\/?product=cupcake-girls-tome-02-la-reine-de-la-mode","title":{"rendered":"Cupcake Girls &#8211; tome 02 : la Reine de la mode"},"content":{"rendered":"<p>En m\u00e9langeant une belle amiti\u00e9, une dose d&rsquo;humour, une touche de probl\u00e8mes, une multitude de g\u00e2teaux, vous d\u00e9couvrirez Cupcake Girls, une s\u00e9rie irr\u00e9sistible ! Mia, une fille chaleureuse, ouverte et g\u00e9n\u00e9reuse, n&rsquo;a jamais eu de difficult\u00e9 \u00e0 se faire des amis. Cependant, dans son nouveau coll\u00e8ge, les groupes sociaux sont bien d\u00e9finis, et quand les filles les plus populaires lui proposent de rejoindre leur club, Mia se retrouve face \u00e0 un dilemme. Entre cupcakes et mode, amiti\u00e9 et popularit\u00e9, quelle voie choisir ?<\/p>\n","protected":false},"excerpt":{"rendered":"<p>Amiti\u00e9, dilemme entre cupcakes et popularit\u00e9 au nouveau coll\u00e8ge de Mia dans la s\u00e9rie \u00ab\u00a0Cupcake Girls.\u00a0\u00bb<\/p>\n","protected":false},"featured_media":18907,"comment_status":"open","ping_status":"closed","template":"","meta":{"inline_featured_image":false},"product_cat":[203,204],"product_tag":[],"class_list":{"0":"post-18905","1":"product","2":"type-product","3":"status-publish","4":"has-post-thumbnail","6":"product_cat-adolescente","7":"product_cat-francais","8":"pa_auteurs-coco-simon","10":"first","11":"instock","12":"shipping-taxable","13":"purchasable","14":"product-type-simple"},"_links":{"self":[{"href":"https:\/\/baralivres.ma\/index.php?rest_route=\/wp\/v2\/product\/18905","targetHints":{"allow":["GET"]}}],"collection":[{"href":"https:\/\/baralivres.ma\/index.php?rest_route=\/wp\/v2\/product"}],"about":[{"href":"https:\/\/baralivres.ma\/index.php?rest_route=\/wp\/v2\/types\/product"}],"replies":[{"embeddable":true,"href":"https:\/\/baralivres.ma\/index.php?rest_route=%2Fwp%2Fv2%2Fcomments&post=18905"}],"version-history":[{"count":1,"href":"https:\/\/baralivres.ma\/index.php?rest_route=\/wp\/v2\/product\/18905\/revisions"}],"predecessor-version":[{"id":18908,"href":"https:\/\/baralivres.ma\/index.php?rest_route=\/wp\/v2\/product\/18905\/revisions\/18908"}],"wp:featuredmedia":[{"embeddable":true,"href":"https:\/\/baralivres.ma\/index.php?rest_route=\/wp\/v2\/media\/18907"}],"wp:attachment":[{"href":"https:\/\/baralivres.ma\/index.php?rest_route=%2Fwp%2Fv2%2Fmedia&parent=18905"}],"wp:term":[{"taxonomy":"product_cat","embeddable":true,"href":"https:\/\/baralivres.ma\/index.php?rest_route=%2Fwp%2Fv2%2Fproduct_cat&post=18905"},{"taxonomy":"product_tag","embeddable":true,"href":"https:\/\/baralivres.ma\/index.php?rest_route=%2Fwp%2Fv2%2Fproduct_tag&post=18905"}],"curies":[{"name":"wp","href":"https:\/\/api.w.org\/{rel}","templated":true}]}}