{"id":18842,"date":"2023-11-08T17:49:12","date_gmt":"2023-11-08T16:49:12","guid":{"rendered":"https:\/\/baralivres.ma\/?post_type=product&#038;p=18842"},"modified":"2023-11-08T17:49:12","modified_gmt":"2023-11-08T16:49:12","slug":"le-bureau-des-coeurs-trouves-tome-02-sami-melody","status":"publish","type":"product","link":"https:\/\/baralivres.ma\/?product=le-bureau-des-coeurs-trouves-tome-02-sami-melody","title":{"rendered":"Le bureau des c\u0153urs trouv\u00e9s \u2013 tome 02 : Sami Melody"},"content":{"rendered":"<p>Une s\u00e9rie qui met en avant les individus \u00e9gar\u00e9s, ceux qui sont marginalis\u00e9s.<\/p>\n<p>Il y a deux ans, Sami fuyait la Syrie et perdait sa famille lors de leur travers\u00e9e p\u00e9rilleuse de la M\u00e9diterran\u00e9e. Aujourd&rsquo;hui, il a du mal \u00e0 r\u00e9aliser qu&rsquo;il a retrouv\u00e9 des proches, qu&rsquo;il fait partie d&rsquo;un groupe de musique et que la fille de ses r\u00eaves s&rsquo;int\u00e9resse \u00e0 lui&#8230; Cette histoire d&rsquo;amour naissante apporte un \u00e9clair d&rsquo;espoir pour les Lost &amp; Found, un groupe form\u00e9 par Lexie, alors que tout semble aller de travers. Loin de leur succ\u00e8s initial, ils doivent faire face \u00e0 des conflits internes et \u00e0 l&rsquo;arriv\u00e9e d&rsquo;un nouveau membre au temp\u00e9rament explosif. Parviendront-ils \u00e0 r\u00e9tablir l&rsquo;harmonie en vue de remporter la grande comp\u00e9tition musicale de leur ville ?<\/p>\n","protected":false},"excerpt":{"rendered":"<p>S\u00e9rie mettant en lumi\u00e8re les perdus, Sami et le groupe musical Lost &amp; Found cherchent l&rsquo;harmonie.<\/p>\n","protected":false},"featured_media":18852,"comment_status":"open","ping_status":"closed","template":"","meta":{"inline_featured_image":false},"product_cat":[204,199],"product_tag":[],"class_list":{"0":"post-18842","1":"product","2":"type-product","3":"status-publish","4":"has-post-thumbnail","6":"product_cat-francais","7":"product_cat-histoires","8":"pa_auteurs-cathy-cassidy","10":"first","11":"instock","12":"shipping-taxable","13":"purchasable","14":"product-type-simple"},"_links":{"self":[{"href":"https:\/\/baralivres.ma\/index.php?rest_route=\/wp\/v2\/product\/18842","targetHints":{"allow":["GET"]}}],"collection":[{"href":"https:\/\/baralivres.ma\/index.php?rest_route=\/wp\/v2\/product"}],"about":[{"href":"https:\/\/baralivres.ma\/index.php?rest_route=\/wp\/v2\/types\/product"}],"replies":[{"embeddable":true,"href":"https:\/\/baralivres.ma\/index.php?rest_route=%2Fwp%2Fv2%2Fcomments&post=18842"}],"version-history":[{"count":1,"href":"https:\/\/baralivres.ma\/index.php?rest_route=\/wp\/v2\/product\/18842\/revisions"}],"predecessor-version":[{"id":18853,"href":"https:\/\/baralivres.ma\/index.php?rest_route=\/wp\/v2\/product\/18842\/revisions\/18853"}],"wp:featuredmedia":[{"embeddable":true,"href":"https:\/\/baralivres.ma\/index.php?rest_route=\/wp\/v2\/media\/18852"}],"wp:attachment":[{"href":"https:\/\/baralivres.ma\/index.php?rest_route=%2Fwp%2Fv2%2Fmedia&parent=18842"}],"wp:term":[{"taxonomy":"product_cat","embeddable":true,"href":"https:\/\/baralivres.ma\/index.php?rest_route=%2Fwp%2Fv2%2Fproduct_cat&post=18842"},{"taxonomy":"product_tag","embeddable":true,"href":"https:\/\/baralivres.ma\/index.php?rest_route=%2Fwp%2Fv2%2Fproduct_tag&post=18842"}],"curies":[{"name":"wp","href":"https:\/\/api.w.org\/{rel}","templated":true}]}}