{"id":18800,"date":"2023-11-08T17:25:41","date_gmt":"2023-11-08T16:25:41","guid":{"rendered":"https:\/\/baralivres.ma\/?post_type=product&#038;p=18800"},"modified":"2024-11-04T16:57:42","modified_gmt":"2024-11-04T15:57:42","slug":"les-cahiers-desther-tome-4-histoires-de-mes-13-ans","status":"publish","type":"product","link":"https:\/\/baralivres.ma\/?product=les-cahiers-desther-tome-4-histoires-de-mes-13-ans","title":{"rendered":"Les Cahiers d&rsquo;Esther &#8211; tome 4 Histoires de mes 13 ans"},"content":{"rendered":"<p>Riad Sattouf a lanc\u00e9 la s\u00e9rie \u00ab\u00a0Les Cahiers d&rsquo;Esther\u00a0\u00bb en 2015 avec une concept audacieux : donner une voix \u00e0 une jeune fille contemporaine pour documenter, ann\u00e9e apr\u00e8s ann\u00e9e, son \u00e9volution et refl\u00e9ter les changements de la soci\u00e9t\u00e9 \u00e0 travers son regard.<\/p>\n<p>Chaque semaine, cette jeune fille anonyme, se cachant derri\u00e8re le pseudonyme d&rsquo;Esther, partage ouvertement avec Riad Sattouf. Elle livre ses exp\u00e9riences quotidiennes, ses pens\u00e9es, et sa perspective du monde. Sattouf retranscrit ensuite ces r\u00e9cits en mots et en images pour cr\u00e9er une bande dessin\u00e9e publi\u00e9e en avant-premi\u00e8re dans L&rsquo;Obs.<\/p>\n<p>Ces bandes dessin\u00e9es, regroup\u00e9es par ann\u00e9e scolaire, sont compil\u00e9es en albums. Elles racontent l&rsquo;histoire d&rsquo;une enfant devenue adulte, offrant des r\u00e9cits sur la vie enfantine, parfois destin\u00e9s \u00e0 un public plus mature. C&rsquo;est un t\u00e9moignage captivant de notre \u00e9poque, offrant neuf ans de transformation d&rsquo;une enfant en jeune adulte.<\/p>\n","protected":false},"excerpt":{"rendered":"<p>BD \u00ab\u00a0Les Cahiers d&rsquo;Esther\u00a0\u00bb suit neuf ans de vie enfantine, reflet de l&rsquo;\u00e9volution sociale.<\/p>\n","protected":false},"featured_media":18802,"comment_status":"open","ping_status":"closed","template":"","meta":{"inline_featured_image":false},"product_cat":[3935,206],"product_tag":[],"class_list":{"0":"post-18800","1":"product","2":"type-product","3":"status-publish","4":"has-post-thumbnail","6":"product_cat-les-cahiers-desther","7":"product_cat-enfant-adolescente-francais-enfant-adolescente","8":"pa_auteurs-riad-sattouf","10":"first","11":"instock","12":"shipping-taxable","13":"purchasable","14":"product-type-simple"},"_links":{"self":[{"href":"https:\/\/baralivres.ma\/index.php?rest_route=\/wp\/v2\/product\/18800","targetHints":{"allow":["GET"]}}],"collection":[{"href":"https:\/\/baralivres.ma\/index.php?rest_route=\/wp\/v2\/product"}],"about":[{"href":"https:\/\/baralivres.ma\/index.php?rest_route=\/wp\/v2\/types\/product"}],"replies":[{"embeddable":true,"href":"https:\/\/baralivres.ma\/index.php?rest_route=%2Fwp%2Fv2%2Fcomments&post=18800"}],"version-history":[{"count":1,"href":"https:\/\/baralivres.ma\/index.php?rest_route=\/wp\/v2\/product\/18800\/revisions"}],"predecessor-version":[{"id":18803,"href":"https:\/\/baralivres.ma\/index.php?rest_route=\/wp\/v2\/product\/18800\/revisions\/18803"}],"wp:featuredmedia":[{"embeddable":true,"href":"https:\/\/baralivres.ma\/index.php?rest_route=\/wp\/v2\/media\/18802"}],"wp:attachment":[{"href":"https:\/\/baralivres.ma\/index.php?rest_route=%2Fwp%2Fv2%2Fmedia&parent=18800"}],"wp:term":[{"taxonomy":"product_cat","embeddable":true,"href":"https:\/\/baralivres.ma\/index.php?rest_route=%2Fwp%2Fv2%2Fproduct_cat&post=18800"},{"taxonomy":"product_tag","embeddable":true,"href":"https:\/\/baralivres.ma\/index.php?rest_route=%2Fwp%2Fv2%2Fproduct_tag&post=18800"}],"curies":[{"name":"wp","href":"https:\/\/api.w.org\/{rel}","templated":true}]}}