{"id":18515,"date":"2023-11-03T12:40:04","date_gmt":"2023-11-03T11:40:04","guid":{"rendered":"https:\/\/baralivres.ma\/?post_type=product&#038;p=18515"},"modified":"2023-11-07T12:57:37","modified_gmt":"2023-11-07T11:57:37","slug":"honour","status":"publish","type":"product","link":"https:\/\/baralivres.ma\/?product=honour","title":{"rendered":"Honour"},"content":{"rendered":"<p>Depuis trois semaines, Rahmat Suleimani recherche sa petite amie Banaz Mahmod, 20 ans, r\u00e9cemment divorc\u00e9e. Il demande l&rsquo;ouverture d&rsquo;une enqu\u00eate pour disparition inqui\u00e9tante. L&rsquo;inspectrice en chef Caroline Goode prend en charge l&rsquo;affaire et interroge les parents de Banaz, des Kurdes originaires d&rsquo;Irak. La m\u00e8re ne parle pas, tandis que le p\u00e8re pr\u00e9tend que leur fille n&rsquo;a pas disparu. En retrouvant Bahkal, la s\u0153ur a\u00een\u00e9e de Banaz qui a \u00e9galement fui sa famille, les enqu\u00eateurs portent leurs soup\u00e7ons sur Mohamed Hama, un lointain cousin.<\/p>\n","protected":false},"excerpt":{"rendered":"<p>Rahmat recherche sa petite amie disparue, enqu\u00eate dirig\u00e9e par l&rsquo;inspectrice Goode, soup\u00e7ons tournent vers la famille kurde.<\/p>\n","protected":false},"featured_media":18517,"comment_status":"open","ping_status":"closed","template":"","meta":{"inline_featured_image":false},"product_cat":[209,91],"product_tag":[],"class_list":{"0":"post-18515","1":"product","2":"type-product","3":"status-publish","4":"has-post-thumbnail","6":"product_cat-enfant-adolescente-enfant-adolescente","7":"product_cat-developpement","8":"pa_auteurs-elif-shafak","10":"first","11":"instock","12":"shipping-taxable","13":"purchasable","14":"product-type-simple"},"_links":{"self":[{"href":"https:\/\/baralivres.ma\/index.php?rest_route=\/wp\/v2\/product\/18515","targetHints":{"allow":["GET"]}}],"collection":[{"href":"https:\/\/baralivres.ma\/index.php?rest_route=\/wp\/v2\/product"}],"about":[{"href":"https:\/\/baralivres.ma\/index.php?rest_route=\/wp\/v2\/types\/product"}],"replies":[{"embeddable":true,"href":"https:\/\/baralivres.ma\/index.php?rest_route=%2Fwp%2Fv2%2Fcomments&post=18515"}],"version-history":[{"count":1,"href":"https:\/\/baralivres.ma\/index.php?rest_route=\/wp\/v2\/product\/18515\/revisions"}],"predecessor-version":[{"id":18516,"href":"https:\/\/baralivres.ma\/index.php?rest_route=\/wp\/v2\/product\/18515\/revisions\/18516"}],"wp:featuredmedia":[{"embeddable":true,"href":"https:\/\/baralivres.ma\/index.php?rest_route=\/wp\/v2\/media\/18517"}],"wp:attachment":[{"href":"https:\/\/baralivres.ma\/index.php?rest_route=%2Fwp%2Fv2%2Fmedia&parent=18515"}],"wp:term":[{"taxonomy":"product_cat","embeddable":true,"href":"https:\/\/baralivres.ma\/index.php?rest_route=%2Fwp%2Fv2%2Fproduct_cat&post=18515"},{"taxonomy":"product_tag","embeddable":true,"href":"https:\/\/baralivres.ma\/index.php?rest_route=%2Fwp%2Fv2%2Fproduct_tag&post=18515"}],"curies":[{"name":"wp","href":"https:\/\/api.w.org\/{rel}","templated":true}]}}