{"id":17770,"date":"2023-11-02T12:21:26","date_gmt":"2023-11-02T11:21:26","guid":{"rendered":"https:\/\/baralivres.ma\/?post_type=product&#038;p=17770"},"modified":"2025-04-17T15:36:13","modified_gmt":"2025-04-17T14:36:13","slug":"home","status":"publish","type":"product","link":"https:\/\/baralivres.ma\/?product=home","title":{"rendered":"Home"},"content":{"rendered":"<p>A decade ago, kidnappers abducted two boys from affluent families, demanded ransom, and then vanished. For ten years, the families have suffered in silence. Now, Myron Bolitar and his friend Win believe they&rsquo;ve found one of the boys, now a teenager. Where has he been, and what can he reveal about that fateful day when he was taken? Most importantly, can he shed light on the fate of his missing friend? Harlan Coben crafts a gripping and emotionally charged thriller exploring themes of friendship, family, and the concept of home.<\/p>\n","protected":false},"excerpt":{"rendered":"<p>Apr\u00e8s une d\u00e9cennie, un des gar\u00e7ons enlev\u00e9s r\u00e9appara\u00eet, r\u00e9v\u00e9lant des myst\u00e8res li\u00e9s \u00e0 leur kidnapping.<\/p>\n","protected":false},"featured_media":17776,"comment_status":"open","ping_status":"closed","template":"","meta":{"inline_featured_image":false},"product_cat":[3874,143],"product_tag":[],"class_list":{"0":"post-17770","1":"product","2":"type-product","3":"status-publish","4":"has-post-thumbnail","6":"product_cat-roman-en-anglais","7":"product_cat-roman","8":"pa_auteurs-harlan-coben","10":"first","11":"instock","12":"shipping-taxable","13":"purchasable","14":"product-type-simple"},"_links":{"self":[{"href":"https:\/\/baralivres.ma\/index.php?rest_route=\/wp\/v2\/product\/17770","targetHints":{"allow":["GET"]}}],"collection":[{"href":"https:\/\/baralivres.ma\/index.php?rest_route=\/wp\/v2\/product"}],"about":[{"href":"https:\/\/baralivres.ma\/index.php?rest_route=\/wp\/v2\/types\/product"}],"replies":[{"embeddable":true,"href":"https:\/\/baralivres.ma\/index.php?rest_route=%2Fwp%2Fv2%2Fcomments&post=17770"}],"version-history":[{"count":1,"href":"https:\/\/baralivres.ma\/index.php?rest_route=\/wp\/v2\/product\/17770\/revisions"}],"predecessor-version":[{"id":17777,"href":"https:\/\/baralivres.ma\/index.php?rest_route=\/wp\/v2\/product\/17770\/revisions\/17777"}],"wp:featuredmedia":[{"embeddable":true,"href":"https:\/\/baralivres.ma\/index.php?rest_route=\/wp\/v2\/media\/17776"}],"wp:attachment":[{"href":"https:\/\/baralivres.ma\/index.php?rest_route=%2Fwp%2Fv2%2Fmedia&parent=17770"}],"wp:term":[{"taxonomy":"product_cat","embeddable":true,"href":"https:\/\/baralivres.ma\/index.php?rest_route=%2Fwp%2Fv2%2Fproduct_cat&post=17770"},{"taxonomy":"product_tag","embeddable":true,"href":"https:\/\/baralivres.ma\/index.php?rest_route=%2Fwp%2Fv2%2Fproduct_tag&post=17770"}],"curies":[{"name":"wp","href":"https:\/\/api.w.org\/{rel}","templated":true}]}}