{"id":17758,"date":"2023-11-02T12:17:33","date_gmt":"2023-11-02T11:17:33","guid":{"rendered":"https:\/\/baralivres.ma\/?post_type=product&#038;p=17758"},"modified":"2023-11-02T12:17:34","modified_gmt":"2023-11-02T11:17:34","slug":"hattie-b-magical-vet-the-dragons-song","status":"publish","type":"product","link":"https:\/\/baralivres.ma\/?product=hattie-b-magical-vet-the-dragons-song","title":{"rendered":"Hattie B Magical Vet: The Dragon\u2019s Song"},"content":{"rendered":"<p>For her 10th birthday, Hattie B finds herself transported to the enchanting realm of Bellua, where she encounters a small, pink dragon in desperate need of her assistance. The malevolent King Ivar of the Imps has taken away the dragon&rsquo;s mystical voice, and Hattie is the sole person capable of aiding her in its recovery.<\/p>\n","protected":false},"excerpt":{"rendered":"<p>\u00c0 10 ans, Hattie B est emport\u00e9e dans le royaume magique de Bellua pour aider un dragon vol\u00e9.<\/p>\n","protected":false},"featured_media":17764,"comment_status":"open","ping_status":"closed","template":"","meta":{"inline_featured_image":false},"product_cat":[203,209],"product_tag":[],"class_list":{"0":"post-17758","1":"product","2":"type-product","3":"status-publish","4":"has-post-thumbnail","6":"product_cat-adolescente","7":"product_cat-enfant-adolescente-enfant-adolescente","8":"pa_auteurs-claire-taylor-smith","10":"first","11":"instock","12":"shipping-taxable","13":"purchasable","14":"product-type-simple"},"_links":{"self":[{"href":"https:\/\/baralivres.ma\/index.php?rest_route=\/wp\/v2\/product\/17758","targetHints":{"allow":["GET"]}}],"collection":[{"href":"https:\/\/baralivres.ma\/index.php?rest_route=\/wp\/v2\/product"}],"about":[{"href":"https:\/\/baralivres.ma\/index.php?rest_route=\/wp\/v2\/types\/product"}],"replies":[{"embeddable":true,"href":"https:\/\/baralivres.ma\/index.php?rest_route=%2Fwp%2Fv2%2Fcomments&post=17758"}],"version-history":[{"count":1,"href":"https:\/\/baralivres.ma\/index.php?rest_route=\/wp\/v2\/product\/17758\/revisions"}],"predecessor-version":[{"id":17767,"href":"https:\/\/baralivres.ma\/index.php?rest_route=\/wp\/v2\/product\/17758\/revisions\/17767"}],"wp:featuredmedia":[{"embeddable":true,"href":"https:\/\/baralivres.ma\/index.php?rest_route=\/wp\/v2\/media\/17764"}],"wp:attachment":[{"href":"https:\/\/baralivres.ma\/index.php?rest_route=%2Fwp%2Fv2%2Fmedia&parent=17758"}],"wp:term":[{"taxonomy":"product_cat","embeddable":true,"href":"https:\/\/baralivres.ma\/index.php?rest_route=%2Fwp%2Fv2%2Fproduct_cat&post=17758"},{"taxonomy":"product_tag","embeddable":true,"href":"https:\/\/baralivres.ma\/index.php?rest_route=%2Fwp%2Fv2%2Fproduct_tag&post=17758"}],"curies":[{"name":"wp","href":"https:\/\/api.w.org\/{rel}","templated":true}]}}