{"id":17507,"date":"2023-11-01T18:04:02","date_gmt":"2023-11-01T17:04:02","guid":{"rendered":"https:\/\/baralivres.ma\/?post_type=product&#038;p=17507"},"modified":"2023-11-01T18:04:03","modified_gmt":"2023-11-01T17:04:03","slug":"ces-femmes-qui-aiment-trop","status":"publish","type":"product","link":"https:\/\/baralivres.ma\/?product=ces-femmes-qui-aiment-trop","title":{"rendered":"Ces femmes qui aiment trop"},"content":{"rendered":"<p>Les femmes qui \u00e9prouvent un amour excessif sont g\u00e9n\u00e9ralement attir\u00e9es par des hommes caract\u00e9ris\u00e9s par leur instabilit\u00e9 \u00e9motionnelle, leur \u00e9loignement, leurs sautes d&rsquo;humeur, parfois des comportements tels que l&rsquo;alcoolisme, l&rsquo;infid\u00e9lit\u00e9, ou une obsession pour leur travail. Ces femmes ont tendance \u00e0 trouver les hommes stables et respectueux plut\u00f4t monotones, et elles finissent par s&rsquo;engager dans des relations o\u00f9 l&rsquo;amour n&rsquo;est pas r\u00e9ciproque. Leur bien-\u00eatre semble d\u00e9pendre de ces hommes, mais leur pr\u00e9sence les tourmente. En utilisant des t\u00e9moignages authentiques et personnels, Robin Norwood nous plonge profond\u00e9ment dans la psychologie qui pousse tant de femmes \u00e0 s&rsquo;enfermer dans des relations complexes ou destructrices. Ce livre, \u00e0 la fois essentiel et \u00e9motionnellement puissant, offre des conseils pour aider les femmes \u00e0 briser le cycle de la d\u00e9pendance amoureuse et des \u00e9checs, afin qu&rsquo;elles puissent retrouver leur v\u00e9ritable identit\u00e9 et apprendre \u00e0 s&rsquo;aimer davantage pour mieux aimer.<\/p>\n","protected":false},"excerpt":{"rendered":"<p>Femmes amoureuses excessives attir\u00e9es par hommes instables, cherche \u00e0 briser d\u00e9pendance pour red\u00e9couvrir amour-propre.<\/p>\n","protected":false},"featured_media":17508,"comment_status":"open","ping_status":"closed","template":"","meta":{"inline_featured_image":false},"product_cat":[204,91],"product_tag":[],"class_list":{"0":"post-17507","1":"product","2":"type-product","3":"status-publish","4":"has-post-thumbnail","6":"product_cat-francais","7":"product_cat-developpement","8":"pa_auteurs-robin-norwood","10":"first","11":"instock","12":"shipping-taxable","13":"purchasable","14":"product-type-simple"},"_links":{"self":[{"href":"https:\/\/baralivres.ma\/index.php?rest_route=\/wp\/v2\/product\/17507","targetHints":{"allow":["GET"]}}],"collection":[{"href":"https:\/\/baralivres.ma\/index.php?rest_route=\/wp\/v2\/product"}],"about":[{"href":"https:\/\/baralivres.ma\/index.php?rest_route=\/wp\/v2\/types\/product"}],"replies":[{"embeddable":true,"href":"https:\/\/baralivres.ma\/index.php?rest_route=%2Fwp%2Fv2%2Fcomments&post=17507"}],"version-history":[{"count":1,"href":"https:\/\/baralivres.ma\/index.php?rest_route=\/wp\/v2\/product\/17507\/revisions"}],"predecessor-version":[{"id":17509,"href":"https:\/\/baralivres.ma\/index.php?rest_route=\/wp\/v2\/product\/17507\/revisions\/17509"}],"wp:featuredmedia":[{"embeddable":true,"href":"https:\/\/baralivres.ma\/index.php?rest_route=\/wp\/v2\/media\/17508"}],"wp:attachment":[{"href":"https:\/\/baralivres.ma\/index.php?rest_route=%2Fwp%2Fv2%2Fmedia&parent=17507"}],"wp:term":[{"taxonomy":"product_cat","embeddable":true,"href":"https:\/\/baralivres.ma\/index.php?rest_route=%2Fwp%2Fv2%2Fproduct_cat&post=17507"},{"taxonomy":"product_tag","embeddable":true,"href":"https:\/\/baralivres.ma\/index.php?rest_route=%2Fwp%2Fv2%2Fproduct_tag&post=17507"}],"curies":[{"name":"wp","href":"https:\/\/api.w.org\/{rel}","templated":true}]}}