{"id":17486,"date":"2023-11-01T17:55:58","date_gmt":"2023-11-01T16:55:58","guid":{"rendered":"https:\/\/baralivres.ma\/?post_type=product&#038;p=17486"},"modified":"2023-11-01T17:55:58","modified_gmt":"2023-11-01T16:55:58","slug":"se-liberer-et-guerir-des-blessures-familiales","status":"publish","type":"product","link":"https:\/\/baralivres.ma\/?product=se-liberer-et-guerir-des-blessures-familiales","title":{"rendered":"Se lib\u00e9rer et gu\u00e9rir des blessures familiales"},"content":{"rendered":"<p>Chacun de nous occupe une place unique au sein de sa lign\u00e9e familiale, situ\u00e9 \u00e0 la crois\u00e9e du pass\u00e9 et du futur. Pour r\u00e9ellement saisir notre identit\u00e9, il est essentiel de conna\u00eetre nos racines. Nous portons en nous une part de l&rsquo;histoire de notre famille, parfois de mani\u00e8re inconsciente, et pour d\u00e9crypter ces ph\u00e9nom\u00e8nes, il faut \u00e9largir notre perspective en examinant notre ascendance. Les probl\u00e8mes d&rsquo;identit\u00e9, les difficult\u00e9s \u00e0 \u00e9tablir des liens affectifs, \u00e0 aimer ou \u00e0 avoir confiance en soi sont souvent li\u00e9s \u00e0 notre histoire familiale. Ce livre nous encourage \u00e0 explorer notre arbre g\u00e9n\u00e9alogique pour nous connecter \u00e0 notre pass\u00e9 familial, comprendre et donner un sens \u00e0 notre h\u00e9ritage. Il nous guide dans la r\u00e9flexion sur la mani\u00e8re dont nous pouvons continuer le chemin entam\u00e9 bien avant notre naissance et lui donner notre propre forme.<\/p>\n","protected":false},"excerpt":{"rendered":"<p>Comprendre notre identit\u00e9 \u00e0 travers l&rsquo;exploration de notre histoire familiale pour donner un sens \u00e0 notre h\u00e9ritage.<\/p>\n","protected":false},"featured_media":17490,"comment_status":"open","ping_status":"closed","template":"","meta":{"inline_featured_image":false},"product_cat":[204,91],"product_tag":[],"class_list":{"0":"post-17486","1":"product","2":"type-product","3":"status-publish","4":"has-post-thumbnail","6":"product_cat-francais","7":"product_cat-developpement","8":"pa_auteurs-juliette-allais","10":"first","11":"instock","12":"shipping-taxable","13":"purchasable","14":"product-type-simple"},"_links":{"self":[{"href":"https:\/\/baralivres.ma\/index.php?rest_route=\/wp\/v2\/product\/17486","targetHints":{"allow":["GET"]}}],"collection":[{"href":"https:\/\/baralivres.ma\/index.php?rest_route=\/wp\/v2\/product"}],"about":[{"href":"https:\/\/baralivres.ma\/index.php?rest_route=\/wp\/v2\/types\/product"}],"replies":[{"embeddable":true,"href":"https:\/\/baralivres.ma\/index.php?rest_route=%2Fwp%2Fv2%2Fcomments&post=17486"}],"version-history":[{"count":2,"href":"https:\/\/baralivres.ma\/index.php?rest_route=\/wp\/v2\/product\/17486\/revisions"}],"predecessor-version":[{"id":17492,"href":"https:\/\/baralivres.ma\/index.php?rest_route=\/wp\/v2\/product\/17486\/revisions\/17492"}],"wp:featuredmedia":[{"embeddable":true,"href":"https:\/\/baralivres.ma\/index.php?rest_route=\/wp\/v2\/media\/17490"}],"wp:attachment":[{"href":"https:\/\/baralivres.ma\/index.php?rest_route=%2Fwp%2Fv2%2Fmedia&parent=17486"}],"wp:term":[{"taxonomy":"product_cat","embeddable":true,"href":"https:\/\/baralivres.ma\/index.php?rest_route=%2Fwp%2Fv2%2Fproduct_cat&post=17486"},{"taxonomy":"product_tag","embeddable":true,"href":"https:\/\/baralivres.ma\/index.php?rest_route=%2Fwp%2Fv2%2Fproduct_tag&post=17486"}],"curies":[{"name":"wp","href":"https:\/\/api.w.org\/{rel}","templated":true}]}}