{"id":17477,"date":"2023-11-01T17:50:56","date_gmt":"2023-11-01T16:50:56","guid":{"rendered":"https:\/\/baralivres.ma\/?post_type=product&#038;p=17477"},"modified":"2023-11-01T17:50:57","modified_gmt":"2023-11-01T16:50:57","slug":"se-programmer-pour-guerir","status":"publish","type":"product","link":"https:\/\/baralivres.ma\/?product=se-programmer-pour-guerir","title":{"rendered":"Se programmer pour gu\u00e9rir"},"content":{"rendered":"<p>La Delta-m\u00e9decine vous permet d&rsquo;am\u00e9liorer la pr\u00e9vention du cancer, de renforcer les traitements conventionnels, et de minimiser leurs effets secondaires gr\u00e2ce \u00e0 des approches holistiques et des pratiques d&rsquo;autogu\u00e9rison. Elle s&rsquo;appuie sur un programme simple et naturel pour harmoniser le corps, l&rsquo;esprit et le psychique.<\/p>\n","protected":false},"excerpt":{"rendered":"<p>Cancer, pr\u00e9vention, renforcement, traitements, bien-\u00eatre.<\/p>\n","protected":false},"featured_media":17480,"comment_status":"open","ping_status":"closed","template":"","meta":{"inline_featured_image":false},"product_cat":[204,91],"product_tag":[],"class_list":{"0":"post-17477","1":"product","2":"type-product","3":"status-publish","4":"has-post-thumbnail","6":"product_cat-francais","7":"product_cat-developpement","8":"pa_auteurs-yann-rougier","10":"first","11":"instock","12":"shipping-taxable","13":"purchasable","14":"product-type-simple"},"_links":{"self":[{"href":"https:\/\/baralivres.ma\/index.php?rest_route=\/wp\/v2\/product\/17477","targetHints":{"allow":["GET"]}}],"collection":[{"href":"https:\/\/baralivres.ma\/index.php?rest_route=\/wp\/v2\/product"}],"about":[{"href":"https:\/\/baralivres.ma\/index.php?rest_route=\/wp\/v2\/types\/product"}],"replies":[{"embeddable":true,"href":"https:\/\/baralivres.ma\/index.php?rest_route=%2Fwp%2Fv2%2Fcomments&post=17477"}],"version-history":[{"count":1,"href":"https:\/\/baralivres.ma\/index.php?rest_route=\/wp\/v2\/product\/17477\/revisions"}],"predecessor-version":[{"id":17481,"href":"https:\/\/baralivres.ma\/index.php?rest_route=\/wp\/v2\/product\/17477\/revisions\/17481"}],"wp:featuredmedia":[{"embeddable":true,"href":"https:\/\/baralivres.ma\/index.php?rest_route=\/wp\/v2\/media\/17480"}],"wp:attachment":[{"href":"https:\/\/baralivres.ma\/index.php?rest_route=%2Fwp%2Fv2%2Fmedia&parent=17477"}],"wp:term":[{"taxonomy":"product_cat","embeddable":true,"href":"https:\/\/baralivres.ma\/index.php?rest_route=%2Fwp%2Fv2%2Fproduct_cat&post=17477"},{"taxonomy":"product_tag","embeddable":true,"href":"https:\/\/baralivres.ma\/index.php?rest_route=%2Fwp%2Fv2%2Fproduct_tag&post=17477"}],"curies":[{"name":"wp","href":"https:\/\/api.w.org\/{rel}","templated":true}]}}