{"id":17472,"date":"2023-11-01T17:47:18","date_gmt":"2023-11-01T16:47:18","guid":{"rendered":"https:\/\/baralivres.ma\/?post_type=product&#038;p=17472"},"modified":"2023-11-01T17:47:18","modified_gmt":"2023-11-01T16:47:18","slug":"transmettre","status":"publish","type":"product","link":"https:\/\/baralivres.ma\/?product=transmettre","title":{"rendered":"Transmettre"},"content":{"rendered":"<p>La transmission est l&rsquo;essence de l&rsquo;humanit\u00e9, le don et la r\u00e9ception d&rsquo;h\u00e9ritage, de valeurs, et de sagesse. Qu&rsquo;offrons-nous et recevons-nous ? Des auteurs \u00e9minents partagent leurs exp\u00e9riences et id\u00e9es sur ce qui compte le plus dans la vie et ce qu&rsquo;ils d\u00e9sirent transmettre. L&rsquo;amour, la bienveillance, la sagesse, et les enseignements des cultures du monde sont au c\u0153ur de cette r\u00e9flexion. Un guide pratique \u00e0 la fin de l&rsquo;ouvrage aide les lecteurs \u00e0 r\u00e9fl\u00e9chir sur ce qu&rsquo;ils souhaitent transmettre et \u00e0 appr\u00e9cier ce qu&rsquo;ils ont re\u00e7u.<\/p>\n","protected":false},"excerpt":{"rendered":"<p>La transmission est l&rsquo;essence de l&rsquo;humanit\u00e9, le don et la r\u00e9ception d&rsquo;h\u00e9ritage, de valeurs, et de sagesse.<\/p>\n","protected":false},"featured_media":17475,"comment_status":"open","ping_status":"closed","template":"","meta":{"inline_featured_image":false},"product_cat":[204,91],"product_tag":[],"class_list":{"0":"post-17472","1":"product","2":"type-product","3":"status-publish","4":"has-post-thumbnail","6":"product_cat-francais","7":"product_cat-developpement","8":"pa_auteurs-cecile-alvarez","10":"first","11":"instock","12":"shipping-taxable","13":"purchasable","14":"product-type-simple"},"_links":{"self":[{"href":"https:\/\/baralivres.ma\/index.php?rest_route=\/wp\/v2\/product\/17472","targetHints":{"allow":["GET"]}}],"collection":[{"href":"https:\/\/baralivres.ma\/index.php?rest_route=\/wp\/v2\/product"}],"about":[{"href":"https:\/\/baralivres.ma\/index.php?rest_route=\/wp\/v2\/types\/product"}],"replies":[{"embeddable":true,"href":"https:\/\/baralivres.ma\/index.php?rest_route=%2Fwp%2Fv2%2Fcomments&post=17472"}],"version-history":[{"count":1,"href":"https:\/\/baralivres.ma\/index.php?rest_route=\/wp\/v2\/product\/17472\/revisions"}],"predecessor-version":[{"id":17476,"href":"https:\/\/baralivres.ma\/index.php?rest_route=\/wp\/v2\/product\/17472\/revisions\/17476"}],"wp:featuredmedia":[{"embeddable":true,"href":"https:\/\/baralivres.ma\/index.php?rest_route=\/wp\/v2\/media\/17475"}],"wp:attachment":[{"href":"https:\/\/baralivres.ma\/index.php?rest_route=%2Fwp%2Fv2%2Fmedia&parent=17472"}],"wp:term":[{"taxonomy":"product_cat","embeddable":true,"href":"https:\/\/baralivres.ma\/index.php?rest_route=%2Fwp%2Fv2%2Fproduct_cat&post=17472"},{"taxonomy":"product_tag","embeddable":true,"href":"https:\/\/baralivres.ma\/index.php?rest_route=%2Fwp%2Fv2%2Fproduct_tag&post=17472"}],"curies":[{"name":"wp","href":"https:\/\/api.w.org\/{rel}","templated":true}]}}