{"id":17387,"date":"2023-11-01T17:07:09","date_gmt":"2023-11-01T16:07:09","guid":{"rendered":"https:\/\/baralivres.ma\/?post_type=product&#038;p=17387"},"modified":"2023-11-01T17:07:10","modified_gmt":"2023-11-01T16:07:10","slug":"les-psy-trucs-pour-les-ados","status":"publish","type":"product","link":"https:\/\/baralivres.ma\/?product=les-psy-trucs-pour-les-ados","title":{"rendered":"Les psy-trucs pour les ados"},"content":{"rendered":"<p>Voici des r\u00e9ponses compl\u00e8tes \u00e0 toutes les interrogations que les parents peuvent avoir concernant l&rsquo;\u00e9ducation, les difficult\u00e9s et les \u00e9motions de leur adolescent(e). Vous trouverez pr\u00e8s de 150 conseils pratiques qui sont accessibles \u00e0 tous et peuvent \u00eatre mis en \u0153uvre au quotidien pour rendre la vie des parents plus facile :<\/p>\n<ul>\n<li>Comment maintenir une communication efficace avec mon adolescent ?<\/li>\n<li>Comment r\u00e9agir face \u00e0 l&rsquo;influence n\u00e9gative d&rsquo;un ami sur mon adolescent ?<\/li>\n<li>Est-ce plus compliqu\u00e9 d&rsquo;\u00e9lever un adolescent dans une famille recompos\u00e9e ?<\/li>\n<li>Pourquoi les adolescents semblent-ils parfois si insolents, et comment r\u00e9agir face \u00e0 cela ?<\/li>\n<li>Que faire si mon adolescent souhaite abandonner l&rsquo;\u00e9cole ?<\/li>\n<li>Comment aborder le sujet de la sexualit\u00e9 avec mon adolescent ?<\/li>\n<li>Quels sont les signes r\u00e9v\u00e9lateurs de troubles alimentaires ou de d\u00e9pression chez les adolescents ?<\/li>\n<\/ul>\n","protected":false},"excerpt":{"rendered":"<p>R\u00e9ponses aux pr\u00e9occupations parentales sur l&rsquo;\u00e9ducation, troubles et \u00e9motions des adolescents, avec 150 conseils pratiques.<\/p>\n","protected":false},"featured_media":17396,"comment_status":"open","ping_status":"closed","template":"","meta":{"inline_featured_image":false},"product_cat":[204,91],"product_tag":[],"class_list":{"0":"post-17387","1":"product","2":"type-product","3":"status-publish","4":"has-post-thumbnail","6":"product_cat-francais","7":"product_cat-developpement","8":"pa_auteurs-suzanne-vallieres-2","10":"first","11":"instock","12":"shipping-taxable","13":"purchasable","14":"product-type-simple"},"_links":{"self":[{"href":"https:\/\/baralivres.ma\/index.php?rest_route=\/wp\/v2\/product\/17387","targetHints":{"allow":["GET"]}}],"collection":[{"href":"https:\/\/baralivres.ma\/index.php?rest_route=\/wp\/v2\/product"}],"about":[{"href":"https:\/\/baralivres.ma\/index.php?rest_route=\/wp\/v2\/types\/product"}],"replies":[{"embeddable":true,"href":"https:\/\/baralivres.ma\/index.php?rest_route=%2Fwp%2Fv2%2Fcomments&post=17387"}],"version-history":[{"count":1,"href":"https:\/\/baralivres.ma\/index.php?rest_route=\/wp\/v2\/product\/17387\/revisions"}],"predecessor-version":[{"id":17398,"href":"https:\/\/baralivres.ma\/index.php?rest_route=\/wp\/v2\/product\/17387\/revisions\/17398"}],"wp:featuredmedia":[{"embeddable":true,"href":"https:\/\/baralivres.ma\/index.php?rest_route=\/wp\/v2\/media\/17396"}],"wp:attachment":[{"href":"https:\/\/baralivres.ma\/index.php?rest_route=%2Fwp%2Fv2%2Fmedia&parent=17387"}],"wp:term":[{"taxonomy":"product_cat","embeddable":true,"href":"https:\/\/baralivres.ma\/index.php?rest_route=%2Fwp%2Fv2%2Fproduct_cat&post=17387"},{"taxonomy":"product_tag","embeddable":true,"href":"https:\/\/baralivres.ma\/index.php?rest_route=%2Fwp%2Fv2%2Fproduct_tag&post=17387"}],"curies":[{"name":"wp","href":"https:\/\/api.w.org\/{rel}","templated":true}]}}