{"id":17359,"date":"2023-11-01T16:50:37","date_gmt":"2023-11-01T15:50:37","guid":{"rendered":"https:\/\/baralivres.ma\/?post_type=product&#038;p=17359"},"modified":"2023-11-01T16:50:37","modified_gmt":"2023-11-01T15:50:37","slug":"la-guerison-du-coeur","status":"publish","type":"product","link":"https:\/\/baralivres.ma\/?product=la-guerison-du-coeur","title":{"rendered":"La gu\u00e9rison du coeur"},"content":{"rendered":"<p>Le livre commence par une saisissante description d&rsquo;un homme, Guy Corneau lui-m\u00eame, qui traverse progressivement la maladie et la mort. Il communique avec nous en tant qu&rsquo;individu enrichi par son exp\u00e9rience, mettant en lumi\u00e8re comment la maladie offre une occasion remarquable, bien que douloureuse, de revisiter notre propre histoire. Corneau expose la mani\u00e8re dont les professionnels de la sant\u00e9 et les psychologues approchent la v\u00e9ritable gu\u00e9rison, celle qui s&rsquo;attaque aux racines profondes des maux, nous invitant \u00e0 revivre nos peurs et nos sentiments d&rsquo;isolement.<\/p>\n","protected":false},"excerpt":{"rendered":"<p>Maladie, exp\u00e9rience, r\u00e9flexion, gu\u00e9rison, introspection.<\/p>\n","protected":false},"featured_media":17360,"comment_status":"open","ping_status":"closed","template":"","meta":{"inline_featured_image":false},"product_cat":[204,91],"product_tag":[],"class_list":{"0":"post-17359","1":"product","2":"type-product","3":"status-publish","4":"has-post-thumbnail","6":"product_cat-francais","7":"product_cat-developpement","8":"pa_auteurs-guy-corneau","10":"first","11":"instock","12":"shipping-taxable","13":"purchasable","14":"product-type-simple"},"_links":{"self":[{"href":"https:\/\/baralivres.ma\/index.php?rest_route=\/wp\/v2\/product\/17359","targetHints":{"allow":["GET"]}}],"collection":[{"href":"https:\/\/baralivres.ma\/index.php?rest_route=\/wp\/v2\/product"}],"about":[{"href":"https:\/\/baralivres.ma\/index.php?rest_route=\/wp\/v2\/types\/product"}],"replies":[{"embeddable":true,"href":"https:\/\/baralivres.ma\/index.php?rest_route=%2Fwp%2Fv2%2Fcomments&post=17359"}],"version-history":[{"count":1,"href":"https:\/\/baralivres.ma\/index.php?rest_route=\/wp\/v2\/product\/17359\/revisions"}],"predecessor-version":[{"id":17361,"href":"https:\/\/baralivres.ma\/index.php?rest_route=\/wp\/v2\/product\/17359\/revisions\/17361"}],"wp:featuredmedia":[{"embeddable":true,"href":"https:\/\/baralivres.ma\/index.php?rest_route=\/wp\/v2\/media\/17360"}],"wp:attachment":[{"href":"https:\/\/baralivres.ma\/index.php?rest_route=%2Fwp%2Fv2%2Fmedia&parent=17359"}],"wp:term":[{"taxonomy":"product_cat","embeddable":true,"href":"https:\/\/baralivres.ma\/index.php?rest_route=%2Fwp%2Fv2%2Fproduct_cat&post=17359"},{"taxonomy":"product_tag","embeddable":true,"href":"https:\/\/baralivres.ma\/index.php?rest_route=%2Fwp%2Fv2%2Fproduct_tag&post=17359"}],"curies":[{"name":"wp","href":"https:\/\/api.w.org\/{rel}","templated":true}]}}