{"id":17309,"date":"2023-11-01T16:21:56","date_gmt":"2023-11-01T15:21:56","guid":{"rendered":"https:\/\/baralivres.ma\/?post_type=product&#038;p=17309"},"modified":"2023-11-01T16:21:57","modified_gmt":"2023-11-01T15:21:57","slug":"les-sept-lois-spirituelles-du-succes","status":"publish","type":"product","link":"https:\/\/baralivres.ma\/?product=les-sept-lois-spirituelles-du-succes","title":{"rendered":"Les sept lois spirituelles du succ\u00e8s"},"content":{"rendered":"<p>La r\u00e9ussite, telle que la pr\u00e9sente le Dr. Deepak Chopra, est un concept multidimensionnel, bien au-del\u00e0 de la simple richesse mat\u00e9rielle. Il nous explique que la r\u00e9ussite ne se limite pas \u00e0 une destination pr\u00e9cise, mais plut\u00f4t \u00e0 une direction dans la vie. Elle englobe non seulement l&rsquo;abondance mat\u00e9rielle, mais aussi la sant\u00e9, l&rsquo;\u00e9nergie, l&rsquo;amour de la vie, l&rsquo;harmonie des relations, la libert\u00e9 de cr\u00e9er, la stabilit\u00e9 \u00e9motionnelle et psychologique, le bien-\u00eatre et la paix int\u00e9rieure.<\/p>\n<p>Pourtant, toutes ces facettes de la r\u00e9ussite ne peuvent pleinement satisfaire l&rsquo;\u00e2me si l&rsquo;on ne cultive pas \u00e9galement les graines de la divinit\u00e9 en nous. La r\u00e9ussite authentique signifie \u00eatre en communion avec le divin, en reconnaissant sa pr\u00e9sence partout o\u00f9 l&rsquo;on va et dans tout ce qui nous entoure, que ce soit dans les yeux d&rsquo;un enfant, la beaut\u00e9 d&rsquo;une fleur ou le vol d&rsquo;un oiseau.<\/p>\n<p>En se basant sur sept lois simples mais essentielles, le Dr. Deepak Chopra nous offre les cl\u00e9s du succ\u00e8s dans tous les domaines de la vie. Ces lois ne sont pas seulement des principes pour atteindre la r\u00e9ussite mat\u00e9rielle, mais aussi des guides vers la sagesse et le v\u00e9ritable bonheur, en favorisant une connexion plus profonde avec le divin et en ouvrant la porte \u00e0 une existence \u00e9panouissante et \u00e9quilibr\u00e9e.<\/p>\n","protected":false},"excerpt":{"rendered":"<p>La r\u00e9ussite englobe bien plus que la richesse mat\u00e9rielle. Elle inclut la sant\u00e9, les relations, la paix int\u00e9rieure. Le Dr. Deepak Chopra propose sept lois pour le succ\u00e8s, guidant vers la sagesse et le bonheur authentique.<\/p>\n","protected":false},"featured_media":17315,"comment_status":"open","ping_status":"closed","template":"","meta":{"inline_featured_image":false},"product_cat":[204,91],"product_tag":[],"class_list":{"0":"post-17309","1":"product","2":"type-product","3":"status-publish","4":"has-post-thumbnail","6":"product_cat-francais","7":"product_cat-developpement","8":"pa_auteurs-deepak-chopra","10":"first","11":"instock","12":"shipping-taxable","13":"purchasable","14":"product-type-simple"},"_links":{"self":[{"href":"https:\/\/baralivres.ma\/index.php?rest_route=\/wp\/v2\/product\/17309","targetHints":{"allow":["GET"]}}],"collection":[{"href":"https:\/\/baralivres.ma\/index.php?rest_route=\/wp\/v2\/product"}],"about":[{"href":"https:\/\/baralivres.ma\/index.php?rest_route=\/wp\/v2\/types\/product"}],"replies":[{"embeddable":true,"href":"https:\/\/baralivres.ma\/index.php?rest_route=%2Fwp%2Fv2%2Fcomments&post=17309"}],"version-history":[{"count":1,"href":"https:\/\/baralivres.ma\/index.php?rest_route=\/wp\/v2\/product\/17309\/revisions"}],"predecessor-version":[{"id":17317,"href":"https:\/\/baralivres.ma\/index.php?rest_route=\/wp\/v2\/product\/17309\/revisions\/17317"}],"wp:featuredmedia":[{"embeddable":true,"href":"https:\/\/baralivres.ma\/index.php?rest_route=\/wp\/v2\/media\/17315"}],"wp:attachment":[{"href":"https:\/\/baralivres.ma\/index.php?rest_route=%2Fwp%2Fv2%2Fmedia&parent=17309"}],"wp:term":[{"taxonomy":"product_cat","embeddable":true,"href":"https:\/\/baralivres.ma\/index.php?rest_route=%2Fwp%2Fv2%2Fproduct_cat&post=17309"},{"taxonomy":"product_tag","embeddable":true,"href":"https:\/\/baralivres.ma\/index.php?rest_route=%2Fwp%2Fv2%2Fproduct_tag&post=17309"}],"curies":[{"name":"wp","href":"https:\/\/api.w.org\/{rel}","templated":true}]}}