{"id":17282,"date":"2023-11-01T16:06:36","date_gmt":"2023-11-01T15:06:36","guid":{"rendered":"https:\/\/baralivres.ma\/?post_type=product&#038;p=17282"},"modified":"2023-11-01T16:06:36","modified_gmt":"2023-11-01T15:06:36","slug":"les-5-pieges-du-bonheur","status":"publish","type":"product","link":"https:\/\/baralivres.ma\/?product=les-5-pieges-du-bonheur","title":{"rendered":"Les 5 pi\u00e8ges du bonheur"},"content":{"rendered":"<p>Avez-vous d\u00e9j\u00e0 ressenti que quelque chose manque dans votre vie pour que vous soyez pleinement heureux ? Peut-\u00eatre avez-vous pens\u00e9 que si vous \u00e9tiez plus attirant, plus fortun\u00e9, plus puissant, plus c\u00e9l\u00e8bre ou plus s\u00e9duisant, vous pourriez enfin atteindre le bonheur ultime. Pour vous aider \u00e0 vous lib\u00e9rer de ces complexes et \u00e0 y voir plus clair, Malene Rydahl explore les coulisses de la vie id\u00e9alis\u00e9e des autres. En s&rsquo;appuyant sur des t\u00e9moignages authentiques et des recherches scientifiques, l&rsquo;auteure nous conduit \u00e0 travers les cinq pi\u00e8ges du bonheur : la qu\u00eate de la beaut\u00e9, de la richesse, du pouvoir, de la c\u00e9l\u00e9brit\u00e9 et de la s\u00e9duction. Cette plong\u00e9e dans les illusions contemporaines nous d\u00e9livre du besoin de nous comparer aux autres et nous encourage \u00e0 suivre sereinement notre propre chemin vers le bonheur.<\/p>\n","protected":false},"excerpt":{"rendered":"<p>D\u00e9sir de perfection et comparaisons inutiles. Rydahl explore pi\u00e8ges (beaut\u00e9, richesse, pouvoir, c\u00e9l\u00e9brit\u00e9, s\u00e9duction) pour lib\u00e9ration et bonheur personnel.<\/p>\n","protected":false},"featured_media":17285,"comment_status":"open","ping_status":"closed","template":"","meta":{"inline_featured_image":false},"product_cat":[204,91],"product_tag":[],"class_list":{"0":"post-17282","1":"product","2":"type-product","3":"status-publish","4":"has-post-thumbnail","6":"product_cat-francais","7":"product_cat-developpement","9":"first","10":"instock","11":"shipping-taxable","12":"purchasable","13":"product-type-simple"},"_links":{"self":[{"href":"https:\/\/baralivres.ma\/index.php?rest_route=\/wp\/v2\/product\/17282","targetHints":{"allow":["GET"]}}],"collection":[{"href":"https:\/\/baralivres.ma\/index.php?rest_route=\/wp\/v2\/product"}],"about":[{"href":"https:\/\/baralivres.ma\/index.php?rest_route=\/wp\/v2\/types\/product"}],"replies":[{"embeddable":true,"href":"https:\/\/baralivres.ma\/index.php?rest_route=%2Fwp%2Fv2%2Fcomments&post=17282"}],"version-history":[{"count":1,"href":"https:\/\/baralivres.ma\/index.php?rest_route=\/wp\/v2\/product\/17282\/revisions"}],"predecessor-version":[{"id":17286,"href":"https:\/\/baralivres.ma\/index.php?rest_route=\/wp\/v2\/product\/17282\/revisions\/17286"}],"wp:featuredmedia":[{"embeddable":true,"href":"https:\/\/baralivres.ma\/index.php?rest_route=\/wp\/v2\/media\/17285"}],"wp:attachment":[{"href":"https:\/\/baralivres.ma\/index.php?rest_route=%2Fwp%2Fv2%2Fmedia&parent=17282"}],"wp:term":[{"taxonomy":"product_cat","embeddable":true,"href":"https:\/\/baralivres.ma\/index.php?rest_route=%2Fwp%2Fv2%2Fproduct_cat&post=17282"},{"taxonomy":"product_tag","embeddable":true,"href":"https:\/\/baralivres.ma\/index.php?rest_route=%2Fwp%2Fv2%2Fproduct_tag&post=17282"}],"curies":[{"name":"wp","href":"https:\/\/api.w.org\/{rel}","templated":true}]}}