{"id":17211,"date":"2023-11-01T15:01:04","date_gmt":"2023-11-01T14:01:04","guid":{"rendered":"https:\/\/baralivres.ma\/?post_type=product&#038;p=17211"},"modified":"2023-11-01T15:01:04","modified_gmt":"2023-11-01T14:01:04","slug":"rompre-avec-soi-meme","status":"publish","type":"product","link":"https:\/\/baralivres.ma\/?product=rompre-avec-soi-meme","title":{"rendered":"Rompre avec soi-m\u00eame"},"content":{"rendered":"<p>Pour se r\u00e9inventer<\/p>\n<p>Nos g\u00e8nes ne sont pas une sentence nous obligeant \u00e0 vivre une existence pr\u00e9d\u00e9finie. Une nouvelle discipline scientifique offre \u00e0 chaque individu la possibilit\u00e9 de fa\u00e7onner la r\u00e9alit\u00e9 selon ses d\u00e9sirs. Joe Dispenza, auteur, conf\u00e9rencier, chercheur et chiropraticien renomm\u00e9, fusionne les domaines de la physique quantique, des neurosciences, de la chimie c\u00e9r\u00e9brale, de la biologie et de la g\u00e9n\u00e9tique pour nous montrer comment nous pouvons influencer notre propre ADN. Ce livre vous r\u00e9v\u00e8le comment transformer tous les aspects de votre personnalit\u00e9 et vous donne les outils n\u00e9cessaires pour apporter des changements significatifs dans tous les domaines de votre vie. Une fois que vous avez modifi\u00e9 certains aspects de vous-m\u00eame, votre existence sera m\u00e9tamorphos\u00e9e \u00e0 jamais. Joe Dispenza dissipe les id\u00e9es pr\u00e9con\u00e7ues, comble le foss\u00e9 entre la science et la spiritualit\u00e9, et r\u00e9volutionne notre compr\u00e9hension de l&rsquo;existence et de la nature de notre cerveau.<\/p>\n","protected":false},"excerpt":{"rendered":"<p>Joe Dispenza r\u00e9v\u00e8le comment influencer notre ADN, changer notre vie, fusionne science, spiritualit\u00e9, r\u00e9volutionne notre compr\u00e9hension.<\/p>\n","protected":false},"featured_media":17215,"comment_status":"open","ping_status":"closed","template":"","meta":{"inline_featured_image":false},"product_cat":[204,91],"product_tag":[],"class_list":{"0":"post-17211","1":"product","2":"type-product","3":"status-publish","4":"has-post-thumbnail","6":"product_cat-francais","7":"product_cat-developpement","8":"pa_auteurs-joe-dispenza","10":"first","11":"instock","12":"shipping-taxable","13":"purchasable","14":"product-type-simple"},"_links":{"self":[{"href":"https:\/\/baralivres.ma\/index.php?rest_route=\/wp\/v2\/product\/17211","targetHints":{"allow":["GET"]}}],"collection":[{"href":"https:\/\/baralivres.ma\/index.php?rest_route=\/wp\/v2\/product"}],"about":[{"href":"https:\/\/baralivres.ma\/index.php?rest_route=\/wp\/v2\/types\/product"}],"replies":[{"embeddable":true,"href":"https:\/\/baralivres.ma\/index.php?rest_route=%2Fwp%2Fv2%2Fcomments&post=17211"}],"version-history":[{"count":1,"href":"https:\/\/baralivres.ma\/index.php?rest_route=\/wp\/v2\/product\/17211\/revisions"}],"predecessor-version":[{"id":17216,"href":"https:\/\/baralivres.ma\/index.php?rest_route=\/wp\/v2\/product\/17211\/revisions\/17216"}],"wp:featuredmedia":[{"embeddable":true,"href":"https:\/\/baralivres.ma\/index.php?rest_route=\/wp\/v2\/media\/17215"}],"wp:attachment":[{"href":"https:\/\/baralivres.ma\/index.php?rest_route=%2Fwp%2Fv2%2Fmedia&parent=17211"}],"wp:term":[{"taxonomy":"product_cat","embeddable":true,"href":"https:\/\/baralivres.ma\/index.php?rest_route=%2Fwp%2Fv2%2Fproduct_cat&post=17211"},{"taxonomy":"product_tag","embeddable":true,"href":"https:\/\/baralivres.ma\/index.php?rest_route=%2Fwp%2Fv2%2Fproduct_tag&post=17211"}],"curies":[{"name":"wp","href":"https:\/\/api.w.org\/{rel}","templated":true}]}}