{"id":17184,"date":"2023-11-01T14:22:03","date_gmt":"2023-11-01T13:22:03","guid":{"rendered":"https:\/\/baralivres.ma\/?post_type=product&#038;p=17184"},"modified":"2023-11-01T14:22:03","modified_gmt":"2023-11-01T13:22:03","slug":"la-regle-des-5-secondes","status":"publish","type":"product","link":"https:\/\/baralivres.ma\/?product=la-regle-des-5-secondes","title":{"rendered":"La r\u00e8gle des 5 secondes"},"content":{"rendered":"<p>Vous cherchez \u00e0 surmonter l&rsquo;ind\u00e9cision et la procrastination ? Vous avez plein de projets mais du mal \u00e0 passer \u00e0 l&rsquo;action ? Souvent, notre plus grand obstacle, c&rsquo;est nous-m\u00eame. Il y a un court laps de temps, 5 secondes, entre l&rsquo;id\u00e9e et le moment crucial de l&rsquo;action. La r\u00e8gle des 5 secondes encourage \u00e0 agir avec courage et d\u00e9termination, avant que la procrastination ou le manque de motivation prennent le dessus. Cela vous permettra d&rsquo;accomplir ce que vous d\u00e9sirez. Comme de nombreuses personnes \u00e0 travers le monde, adoptez cette m\u00e9thode et transformez votre vie. 5&#8230; 4&#8230; 3&#8230; 2&#8230; 1&#8230; GO !<\/p>\n","protected":false},"excerpt":{"rendered":"<p>Agir vite avec courage avant la procrastination, franchir la barri\u00e8re des 5 secondes pour r\u00e9ussir.<\/p>\n","protected":false},"featured_media":17185,"comment_status":"open","ping_status":"closed","template":"","meta":{"inline_featured_image":false},"product_cat":[204,91],"product_tag":[],"class_list":{"0":"post-17184","1":"product","2":"type-product","3":"status-publish","4":"has-post-thumbnail","6":"product_cat-francais","7":"product_cat-developpement","8":"pa_auteurs-mel-robbins","10":"first","11":"instock","12":"shipping-taxable","13":"purchasable","14":"product-type-simple"},"_links":{"self":[{"href":"https:\/\/baralivres.ma\/index.php?rest_route=\/wp\/v2\/product\/17184","targetHints":{"allow":["GET"]}}],"collection":[{"href":"https:\/\/baralivres.ma\/index.php?rest_route=\/wp\/v2\/product"}],"about":[{"href":"https:\/\/baralivres.ma\/index.php?rest_route=\/wp\/v2\/types\/product"}],"replies":[{"embeddable":true,"href":"https:\/\/baralivres.ma\/index.php?rest_route=%2Fwp%2Fv2%2Fcomments&post=17184"}],"version-history":[{"count":1,"href":"https:\/\/baralivres.ma\/index.php?rest_route=\/wp\/v2\/product\/17184\/revisions"}],"predecessor-version":[{"id":17186,"href":"https:\/\/baralivres.ma\/index.php?rest_route=\/wp\/v2\/product\/17184\/revisions\/17186"}],"wp:featuredmedia":[{"embeddable":true,"href":"https:\/\/baralivres.ma\/index.php?rest_route=\/wp\/v2\/media\/17185"}],"wp:attachment":[{"href":"https:\/\/baralivres.ma\/index.php?rest_route=%2Fwp%2Fv2%2Fmedia&parent=17184"}],"wp:term":[{"taxonomy":"product_cat","embeddable":true,"href":"https:\/\/baralivres.ma\/index.php?rest_route=%2Fwp%2Fv2%2Fproduct_cat&post=17184"},{"taxonomy":"product_tag","embeddable":true,"href":"https:\/\/baralivres.ma\/index.php?rest_route=%2Fwp%2Fv2%2Fproduct_tag&post=17184"}],"curies":[{"name":"wp","href":"https:\/\/api.w.org\/{rel}","templated":true}]}}