{"id":17165,"date":"2023-11-01T13:05:47","date_gmt":"2023-11-01T12:05:47","guid":{"rendered":"https:\/\/baralivres.ma\/?post_type=product&#038;p=17165"},"modified":"2023-11-01T13:05:47","modified_gmt":"2023-11-01T12:05:47","slug":"les-hommes-viennent-de-mars-les-femmes-viennent-de-venus","status":"publish","type":"product","link":"https:\/\/baralivres.ma\/?product=les-hommes-viennent-de-mars-les-femmes-viennent-de-venus","title":{"rendered":"Les hommes viennent de Mars, les femmes viennent de V\u00e9nus"},"content":{"rendered":"<p>Les hommes et les femmes ont souvent des styles de communication distincts, ce qui peut conduire \u00e0 des frustrations, des incompr\u00e9hensions et des tensions. En s&rsquo;appuyant sur les arch\u00e9types de Mars, le dieu de la Guerre, et V\u00e9nus, la d\u00e9esse de l&rsquo;Amour, John Gray explore les diff\u00e9rences entre les deux sexes dans leurs actions et leurs expressions \u00e9motionnelles. Fort de nombreuses ann\u00e9es d&rsquo;exp\u00e9rience conjugale, Gray a analys\u00e9 ces disparit\u00e9s pour en faire non pas des sources de conflit, mais des opportunit\u00e9s d&rsquo;enrichissement mutuel. Son livre, un best-seller mondial, est un guide essentiel pour \u00e9tablir une communication efficace et cultiver une harmonie entre les deux sexes.<\/p>\n","protected":false},"excerpt":{"rendered":"<p>Diff\u00e9rences communication hommes-femmes : enrichissement, harmonie, guide essentiel de John Gray.<\/p>\n","protected":false},"featured_media":17167,"comment_status":"open","ping_status":"closed","template":"","meta":{"inline_featured_image":false},"product_cat":[204,91],"product_tag":[],"class_list":{"0":"post-17165","1":"product","2":"type-product","3":"status-publish","4":"has-post-thumbnail","6":"product_cat-francais","7":"product_cat-developpement","8":"pa_auteurs-john-gray","10":"first","11":"instock","12":"shipping-taxable","13":"purchasable","14":"product-type-simple"},"_links":{"self":[{"href":"https:\/\/baralivres.ma\/index.php?rest_route=\/wp\/v2\/product\/17165","targetHints":{"allow":["GET"]}}],"collection":[{"href":"https:\/\/baralivres.ma\/index.php?rest_route=\/wp\/v2\/product"}],"about":[{"href":"https:\/\/baralivres.ma\/index.php?rest_route=\/wp\/v2\/types\/product"}],"replies":[{"embeddable":true,"href":"https:\/\/baralivres.ma\/index.php?rest_route=%2Fwp%2Fv2%2Fcomments&post=17165"}],"version-history":[{"count":1,"href":"https:\/\/baralivres.ma\/index.php?rest_route=\/wp\/v2\/product\/17165\/revisions"}],"predecessor-version":[{"id":17168,"href":"https:\/\/baralivres.ma\/index.php?rest_route=\/wp\/v2\/product\/17165\/revisions\/17168"}],"wp:featuredmedia":[{"embeddable":true,"href":"https:\/\/baralivres.ma\/index.php?rest_route=\/wp\/v2\/media\/17167"}],"wp:attachment":[{"href":"https:\/\/baralivres.ma\/index.php?rest_route=%2Fwp%2Fv2%2Fmedia&parent=17165"}],"wp:term":[{"taxonomy":"product_cat","embeddable":true,"href":"https:\/\/baralivres.ma\/index.php?rest_route=%2Fwp%2Fv2%2Fproduct_cat&post=17165"},{"taxonomy":"product_tag","embeddable":true,"href":"https:\/\/baralivres.ma\/index.php?rest_route=%2Fwp%2Fv2%2Fproduct_tag&post=17165"}],"curies":[{"name":"wp","href":"https:\/\/api.w.org\/{rel}","templated":true}]}}