{"id":17072,"date":"2023-11-01T12:09:40","date_gmt":"2023-11-01T11:09:40","guid":{"rendered":"https:\/\/baralivres.ma\/?post_type=product&#038;p=17072"},"modified":"2023-11-01T12:09:40","modified_gmt":"2023-11-01T11:09:40","slug":"le-choix-du-courage","status":"publish","type":"product","link":"https:\/\/baralivres.ma\/?product=le-choix-du-courage","title":{"rendered":"Le choix du courage"},"content":{"rendered":"<p>Ryan Holiday explore en profondeur la vertu du courage \u00e0 travers 60 enseignements et les parcours captivants de grandes figures historiques, leaders, et militants embl\u00e9matiques. Il d\u00e9montre que le courage va bien au-del\u00e0 de la bravoure physique et qu&rsquo;il consiste avant tout \u00e0 faire le choix de ce qui est juste, \u00e0 surmonter la peur pour d\u00e9fendre ses convictions, et \u00e0 faire preuve de cr\u00e9ativit\u00e9 et de g\u00e9n\u00e9rosit\u00e9. L&rsquo;auteur tire des le\u00e7ons pr\u00e9cieuses de personnalit\u00e9s telles que Charles de Gaulle, Malala Yousafza\u00ef et Martin Luther King pour vous aider \u00e0 cultiver le courage au quotidien et vous r\u00e9aliser pleinement. Ryan Holiday, auteur et philosophe renomm\u00e9, est d\u00e9j\u00e0 appr\u00e9ci\u00e9 dans le monde entier pour ses ouvrages pr\u00e9c\u00e9dents, \u00ab\u00a0L&rsquo;Obstacle est le chemin\u00a0\u00bb et \u00ab\u00a0L&rsquo;\u00c9go est l&rsquo;ennemi\u00a0\u00bb.<\/p>\n","protected":false},"excerpt":{"rendered":"<p>Ryan Holiday explore la vertu du courage \u00e0 travers 60 enseignements et les parcours de figures historiques inspirantes.<\/p>\n","protected":false},"featured_media":17076,"comment_status":"open","ping_status":"closed","template":"","meta":{"inline_featured_image":false},"product_cat":[204,91],"product_tag":[],"class_list":{"0":"post-17072","1":"product","2":"type-product","3":"status-publish","4":"has-post-thumbnail","6":"product_cat-francais","7":"product_cat-developpement","8":"pa_auteurs-ryan-holiday","10":"first","11":"instock","12":"shipping-taxable","13":"purchasable","14":"product-type-simple"},"_links":{"self":[{"href":"https:\/\/baralivres.ma\/index.php?rest_route=\/wp\/v2\/product\/17072","targetHints":{"allow":["GET"]}}],"collection":[{"href":"https:\/\/baralivres.ma\/index.php?rest_route=\/wp\/v2\/product"}],"about":[{"href":"https:\/\/baralivres.ma\/index.php?rest_route=\/wp\/v2\/types\/product"}],"replies":[{"embeddable":true,"href":"https:\/\/baralivres.ma\/index.php?rest_route=%2Fwp%2Fv2%2Fcomments&post=17072"}],"version-history":[{"count":1,"href":"https:\/\/baralivres.ma\/index.php?rest_route=\/wp\/v2\/product\/17072\/revisions"}],"predecessor-version":[{"id":17077,"href":"https:\/\/baralivres.ma\/index.php?rest_route=\/wp\/v2\/product\/17072\/revisions\/17077"}],"wp:featuredmedia":[{"embeddable":true,"href":"https:\/\/baralivres.ma\/index.php?rest_route=\/wp\/v2\/media\/17076"}],"wp:attachment":[{"href":"https:\/\/baralivres.ma\/index.php?rest_route=%2Fwp%2Fv2%2Fmedia&parent=17072"}],"wp:term":[{"taxonomy":"product_cat","embeddable":true,"href":"https:\/\/baralivres.ma\/index.php?rest_route=%2Fwp%2Fv2%2Fproduct_cat&post=17072"},{"taxonomy":"product_tag","embeddable":true,"href":"https:\/\/baralivres.ma\/index.php?rest_route=%2Fwp%2Fv2%2Fproduct_tag&post=17072"}],"curies":[{"name":"wp","href":"https:\/\/api.w.org\/{rel}","templated":true}]}}